{"id":5073,"date":"2022-01-26T15:19:13","date_gmt":"2022-01-26T14:19:13","guid":{"rendered":"https:\/\/formedis.pl\/?page_id=5073"},"modified":"2025-12-12T11:47:54","modified_gmt":"2025-12-12T10:47:54","slug":"zalozenia-projektu-ustawy-o-modernizacji-i-poprawie-efektywnosci-szpitalnictwa","status":"publish","type":"page","link":"https:\/\/formedis.pl\/mmc\/oferta\/zalozenia-projektu-ustawy-o-modernizacji-i-poprawie-efektywnosci-szpitalnictwa\/","title":{"rendered":"Reforma Szpitalnictwa"},"content":{"rendered":"\r\n<p>&nbsp;<\/p>\r\n\r\n\r\n\r\n<p>30 grudnia 2021 roku na stronie internetowej Rz\u0105dowego Centrum Legislacji opublikowano projekt ustawy o modernizacji i poprawie efektywno\u015bci szpitalnictwa (tzw.<strong> \u201ereforma szpitalnictwa'<\/strong>).<\/p>\r\n\r\n\r\n\r\n<p><span style='text-decoration: underline;'>Nowa ustawa ma okre\u015bla\u0107 mi\u0119dzy innymi:<\/span>\u00a0<\/p>\r\n\r\n\r\n\r\n<ul class='wp-block-list'>\r\n<li>zasady oraz warunki oceny i kategoryzacji podmiotu szpitalnego;<\/li>\r\n<li>zasady oraz warunki tworzenia przez podmiot szpitalny kategorii A albo B planu rozwojowego;<\/li>\r\n<li>tryb post\u0119powania naprawczo-rozwojowego podmiotu szpitalnego kategorii B, C albo D, w tym zasady oraz warunki tworzenia przez ten podmiot planu naprawczo-rozwojowego;<\/li>\r\n<li>zasady funkcjonowania, organizacj\u0119 i zadania Agencji Rozwoju Szpitali;<\/li>\r\n<li>wymagania zwi\u0105zane ze stanowiskiem kierownika podmiotu szpitalnego.<\/li>\r\n<\/ul>\r\n\r\n\r\n\r\n<p><strong>FORMEDIS bazuj\u0105c na wieloletnim do\u015bwiadczeniu w bran\u017cy ochrony zdrowia oraz wykorzystuj\u0105c wysokie kompetencje zawodowe ca\u0142ego Zespo\u0142u oferuje wsparcie Szpitali oraz Podmiot\u00f3w Tworz\u0105cych w dostosowaniu si\u0119 do nadchodz\u0105cych zmian<\/strong>.<\/p>\r\n\r\n\r\n\r\n<p>&nbsp;<\/p>\r\n\r\n\r\n\r\n<p><strong>Serdecznie zapraszamy do zapoznania si\u0119 z OFERT\u0104<\/strong><\/p>\r\n\r\n\r\n\r\n<p>&nbsp;<\/p>\r\n\r\n\r\n\r\n<p class='has-text-color' style='color: #db0d22;'>+ <strong>KALKULATOR KATEGORII PODMIOT\u00d3W SZPITALNYCH<\/strong> +<\/p>\r\n\r\n\r\n\r\n<p>Kategoryzacja Szpitali<\/p>\r\n\r\n\r\n\r\n<p>Kalkulator pozwoli w prosty spos\u00f3b okre\u015bli\u0107, do kt\u00f3rej kategorii podmiot\u00f3w szpitalnych (A, B, C, D) kwalifikuje si\u0119 Szpital na bazie historycznych i bie\u017c\u0105cych wynik\u00f3w finansowych w \u015bwietle za\u0142o\u017ce\u0144 projektu ustawy z dnia 29 grudnia 2021 r. o modernizacji i poprawie efektywno\u015bci szpitalnictwa. (kategoryzacja szpitali)<\/p>\r\n\r\n\r\n\r\n<p class='has-black-color has-text-color'><strong>szpital kategorii A <\/strong>\u2013 podmiot szpitalny w dobrej sytuacji ekonomiczno-finansowej, kt\u00f3ry tworzy plan rozwojowy podmiotu szpitalnego kategorii A;<\/p>\r\n\r\n\r\n\r\n<p class='has-black-color has-text-color'><strong>szpital kategorii B <\/strong>\u2013 podmiot szpitalny wymagaj\u0105cy wdro\u017cenia dzia\u0142a\u0144 optymalizacyjnych, kt\u00f3ry tworzy plan rozwojowy podmiotu szpitalnego kategorii B albo w stosunku do kt\u00f3rego prezes Agencji Rozwoju Szpitali (ARS) wszczyna post\u0119powanie naprawczo-rozwojowe, na jego wniosek;<\/p>\r\n\r\n\r\n\r\n<p class='has-black-color has-text-color'><strong><strong>szpital kategorii C <\/strong><\/strong> \u2013 podmiot szpitalny wymagaj\u0105cy wdro\u017cenia dzia\u0142a\u0144 naprawczo-rozwojowych, w stosunku do kt\u00f3rego Prezes ARS wszczyna post\u0119powanie naprawczo-rozwojowe;<\/p>\r\n\r\n\r\n\r\n<p class='has-black-color has-text-color'><strong>szpital kategorii D<\/strong> \u2013 podmiot szpitalny wymagaj\u0105cy pilnego wdro\u017cenia dzia\u0142a\u0144 naprawczo-rozwojowych, w stosunku do kt\u00f3rego Prezes ARS wszczyna post\u0119powanie naprawczo-rozwojowe oraz uzyskuje uprawnienie do powo\u0142ywania i odwo\u0142ywania kierownika tego podmiotu szpitalnego.<\/p>\r\n\r\n\r\n\r\n<p>&nbsp;<\/p>\r\n\r\n\r\n\r\n<div class='wp-block-group mte-download-section'><div class='wp-block-group__inner-container is-layout-flow wp-block-group-is-layout-flow'>\r\n<p class='has-text-color' style='color: #db0d22;'><strong>Pobierz darmowy KALKULATOR KATEGORII SZPITALA wraz z instrukcj\u0105 obs\u0142ugi zapisuj\u0105c si\u0119 do naszego newslettera (po zapisie link do pobrania kalkulatora wa\u017cny przez 30 minut):<\/strong><\/p>\r\n\r\n\r\n<div class=\"wpcf7 no-js\" id=\"wpcf7-f5088-o1\" lang=\"pl-PL\" dir=\"ltr\" data-wpcf7-id=\"5088\">\n<div class=\"screen-reader-response\">\n<p role=\"status\" aria-live=\"polite\" aria-atomic=\"true\"><\/p> <ul><\/ul>\n<\/div>\n<form action=\"\/mmc\/wp-json\/wp\/v2\/pages\/5073#wpcf7-f5088-o1\" method=\"post\" class=\"wpcf7-form init\" aria-label=\"Formularz kontaktowy\" novalidate=\"novalidate\" data-status=\"init\">\n<fieldset class=\"hidden-fields-container\">\n<input type=\"hidden\" name=\"_wpcf7\" value=\"5088\"><input type=\"hidden\" name=\"_wpcf7_version\" value=\"6.1.5\"><input type=\"hidden\" name=\"_wpcf7_locale\" value=\"pl_PL\"><input type=\"hidden\" name=\"_wpcf7_unit_tag\" value=\"wpcf7-f5088-o1\"><input type=\"hidden\" name=\"_wpcf7_container_post\" value=\"0\"><input type=\"hidden\" name=\"_wpcf7_posted_data_hash\" value=\"\"><input type=\"hidden\" name=\"_wpcf7_recaptcha_response\" value=\"\">\n<\/fieldset>\n<p><span class=\"wpcf7-form-control-wrap\" data-name=\"email-706\"><input size=\"40\" maxlength=\"400\" class=\"wpcf7-form-control wpcf7-email wpcf7-validates-as-required wpcf7-text wpcf7-validates-as-email\" aria-required=\"true\" aria-invalid=\"false\" placeholder=\"Podaj sw&oacute;j adres e-mail\" value=\"\" type=\"email\" name=\"email-706\"><\/span>\n<\/p>\n<label class=\"ebd_input\"><input type=\"hidden\" name=\"ebd_downloads[]\" value=\"5077|KALKULATOR kontroling - wyniki finansowe i kategoryzacja z instrukcj&#261;\"> <\/label><input type=\"hidden\" class=\"ebd_setting\" name=\"ebd_settings[]\" value=\"title|KALKULATOR kontroling - wyniki finansowe i kategoryzacja z instrukcj&Auml;&#133;\"><input type=\"hidden\" class=\"ebd_setting\" name=\"ebd_settings[]\" value=\"delivered_as|both\"><input type=\"hidden\" class=\"ebd_setting\" name=\"ebd_settings[]\" value=\"hide_form|no\"><input type=\"hidden\" class=\"ebd_setting\" name=\"ebd_settings[]\" value=\"radio|no\"><input type=\"hidden\" class=\"ebd_setting\" name=\"ebd_settings[]\" value=\"expire_time|30 minute\"><input type=\"hidden\" class=\"ebd_setting\" name=\"ebd_settings[]\" value=\"from_email|biuro@formedis.pl\"><input type=\"hidden\" class=\"ebd_setting\" name=\"ebd_settings[]\" value=\"from_name|Formedis\"><input type=\"hidden\" class=\"ebd_setting\" name=\"ebd_settings[]\" value=\"link_format|_blank\"><input type=\"hidden\" class=\"ebd_setting\" name=\"ebd_settings[]\" value=\"file_thumbnail|no\"><input type=\"hidden\" class=\"ebd_setting\" name=\"ebd_settings[]\" value=\"item_id|1\"><input type=\"hidden\" class=\"ebd_setting\" name=\"ebd_settings[]\" value=\"form_id|wpcf7-f5088-o1\"><div class=\"zgoda\">\n\t<p><span class=\"wpcf7-form-control-wrap\" data-name=\"acceptance-339\"><span class=\"wpcf7-form-control wpcf7-acceptance\"><span class=\"wpcf7-list-item\"><label><input type=\"checkbox\" name=\"acceptance-339\" value=\"1\" aria-invalid=\"false\"><span class=\"wpcf7-list-item-label\">Wyra&#380;am zgod&#281; na przetwarzanie moich danych osobowych przez Formedis sp&oacute;&#322;ka z ograniczon&#261; odpowiedzialno&#347;ci&#261; sp&oacute;&#322;ka komandytowa, z siedzib&#261; w Poznaniu (61-441) przy ul. 28 czerwca 1956 r. nr 406, wpisan&#261; do rejestru przedsi&#281;biorc&oacute;w pod numerem KRS: 0000426734, posiadaj&#261;c&#261; NIP: 7831690152, w celu otrzymywania na podany adres poczty elektronicznej newslettera zawieraj&#261;cego informacje oraz wiadomo&#347;ci z bran&#380;y ochrony zdrowia. Mam &#347;wiadomo&#347;&#263;, &#380;e newsletter ten jest opracowywany i udost&#281;pniany przez Formedis sp&oacute;&#322;ka z ograniczon&#261; odpowiedzialno&#347;ci&#261; sp&oacute;&#322;ka komandytowa. Oznacza to, &#380;e jego tre&#347;&#263; zawiera&#263; b&#281;dzie informacje, kt&oacute;re mog&#261; by&#263; interpretowane jako informacje handlowe promuj&#261;ce dzia&#322;ania edukacyjne i pozytywny wizerunek Formedis sp&oacute;&#322;ka z ograniczon&#261; odpowiedzialno&#347;ci&#261; sp&oacute;&#322;ka komandytowa. Newsletter wysy&#322;any jest nieodp&#322;atnie. Z subskrypcji newslettera mo&#380;na zrezygnowa&#263; w dowolnym momencie. Jestem &#347;wiadomy, &#380;e moja zgoda mo&#380;e by&#263; odwo&#322;ana w ka&#380;dym czasie, co skutkowa&#263; b&#281;dzie usuni&#281;ciem moich danych. Cofni&#281;cie zgody nie wp&#322;ywa na zgodno&#347;&#263; z prawem przetwarzania, kt&oacute;rego dokonano na podstawie mojej zgody przed jej wycofaniem<\/span><\/label><\/span><\/span><\/span>\n\t<\/p>\n\t<p><span class=\"wpcf7-form-control-wrap\" data-name=\"acceptance-338\"><span class=\"wpcf7-form-control wpcf7-acceptance\"><span class=\"wpcf7-list-item\"><label><input type=\"checkbox\" name=\"acceptance-338\" value=\"1\" aria-invalid=\"false\"><span class=\"wpcf7-list-item-label\">Zapozna&#322;em si&#281; z tre&#347;ci&#261; <a href=\"\/wp-content\/uploads\/2021\/02\/Klauzula-informacyjna-o-przetwarzaniu-danych-osobowych.pdf\"> klauzuli informacyjnej <\/a><\/span><\/label><\/span><\/span><\/span>\n\t<\/p>\n\t<p><span class=\"wpcf7-form-control-wrap\" data-name=\"acceptance-337\"><span class=\"wpcf7-form-control wpcf7-acceptance\"><span class=\"wpcf7-list-item\"><label><input type=\"checkbox\" name=\"acceptance-337\" value=\"1\" aria-invalid=\"false\"><span class=\"wpcf7-list-item-label\">Zapozna&#322;em si&#281; i akceptuj&#281; tre&#347;&#263; <a href=\"\/wp-content\/uploads\/2021\/02\/Regulamin-Newsletter-FORMEDIS.pdf\">Regulaminu &#347;wiadczenia us&#322;ugi Newslettera drog&#261; elektroniczn&#261;\" <\/a><\/span><\/label><\/span><\/span><\/span>\n\t<\/p>\n<\/div>\n<div class=\"column one\" style=\"float: none;\">\n\t<p><input class=\"wpcf7-form-control wpcf7-submit has-spinner\" type=\"submit\" value=\"Zapisz si&#281;\">\n\t<\/p>\n<\/div>\n<style>\n.zgoda {\n font-size: 11px;\n font-weight: 500;\n line-height: 17px;\n padding:10px\n color:black;\n}\n<\/style>\n<div class=\"wpcf7-response-output\" aria-hidden=\"true\"><\/div>\n<\/form>\n<\/div>\n\n<\/div><\/div>\r\n\r\n\r\n\r\n<p class='has-small-font-size'>kategoria podmiotu leczniczego \/ kategoria Szpitala\u00a0\u00a0<\/p>\r\n\r\n\r\n\r\n<p class='has-vivid-red-color has-text-color'>+ <strong><a href='https:\/\/formedis.pl\/oferta\/doradztwo-placowkom-publicznym\/audyty-i-programy-naprawcze\/'>AUDYT DZIA\u0141ALNO\u015aCI LECZNICZEJ SZPITALA<\/a> <\/strong>\u00a0+<\/p>\r\n\r\n\r\n\r\n<p><strong>FORMEDIS<\/strong>\u00a0oferuje kompleksow\u0105 i profesjonaln\u0105 pomoc w zakresie szczeg\u00f3\u0142owej weryfikacji dzia\u0142alno\u015bci podmiot\u00f3w leczniczych. Gwarantujemy opracowanie, na bazie przeprowadzonego audytu operacyjnego, optymalnych rozwi\u0105za\u0144, kt\u00f3re pozwol\u0105 zrestrukturyzowa\u0107 dzia\u0142alno\u015b\u0107 podmiotu leczniczego celem osi\u0105gania oczekiwanych wynik\u00f3w finansowych.<\/p>\r\n\r\n\r\n\r\n<p>W ramach audytu przeprowadzana jest analiza sytuacji ekonomicznej, organizacyjnej, kadrowej, wsp\u00f3\u0142pracy z NFZ i inwestycyjnej podmiotu leczniczego celem okre\u015blenia obszar\u00f3w problematycznych i ryzykownych.<\/p>\r\n\r\n\r\n\r\n<p>Na bazie uzyskanych wniosk\u00f3w opracowywany jest plan naprawczo-rozwojowy lub plan rozwojowy Szpitala.<\/p>\r\n\r\n\r\n\r\n<p><a href='https:\/\/formedis.pl\/oferta\/doradztwo-placowkom-publicznym\/audyty-i-programy-naprawcze\/'>czytaj wi\u0119cej tutaj<\/a><\/p>\r\n\r\n\r\n\r\n<p class='has-vivid-red-color has-text-color'>+ <a href='https:\/\/formedis.pl\/oferta\/doradztwo-placowkom-publicznym\/audyty-i-programy-naprawcze\/'><strong>OPRACOWANIE PLANU ROZWOJOWEGO \/ PLANU NAPRAWCZO-ROZWOJOWEGO SZPITALA<\/strong><\/a> +<\/p>\r\n\r\n\r\n\r\n<p>Celem opracowania planu rozwojowego \/ planu naprawczo-rozwojowego podmiotu leczniczego jest opracowanie optymalnego programu medycznego Szpitala oraz opracowanie zakresu dzia\u0142a\u0144 restrukturyzacyjnych i optymalizacyjnych, pozwalaj\u0105cych na osi\u0105gni\u0119cie dodatniego wyniku finansowego oraz p\u0142ynno\u015bci finansowej w d\u0142ugoterminowym okresie.<\/p>\r\n\r\n\r\n\r\n<p>Plan rozwojowy \/ Plan naprawczo &#8211; rozwojowy Szpitala obejmuje:<\/p>\r\n\r\n\r\n\r\n<ul class='wp-block-list'>\r\n<li>opracowanie rekomendowanego programu medycznego podmiotu leczniczego;<\/li>\r\n<li>rekomendacje w zakresie zalecanych dzia\u0142a\u0144 restrukturyzacyjnych poprawiaj\u0105ce sytuacj\u0119 finansowo \u2013 operacyjn\u0105 podmiotu leczniczego opracowane na podstawie wniosk\u00f3w z prac audytorskich w obszarze operacyjnym, organizacyjnym, finansowym kadrowym, wsp\u00f3\u0142pracy z NFZ oraz inwestycyjnym;<\/li>\r\n<li>prognozy finansowe wynikaj\u0105ce z wdro\u017cenia rekomendowanych dzia\u0142a\u0144 o charakterze restrukturyzacyjnym, optymalizacyjnym i rozwojowym;<\/li>\r\n<li>dost\u0119pne \u017ar\u00f3d\u0142a finansowania dzia\u0142a\u0144 restrukturyzacyjnych i inwestycyjnych, o ile zidentyfikowano je na etapie prac audytorskich;<\/li>\r\n<li>harmonogram wdro\u017cenia rekomendowanych dzia\u0142a\u0144 restrukturyzacyjnych;<\/li>\r\n<li>nadz\u00f3r nad wdro\u017ceniem programu naprawczego;<\/li>\r\n<\/ul>\r\n\r\n\r\n\r\n<p>Opracowany plan przedstawia perspektywy rozwoju w kontek\u015bcie wdro\u017conych i planowanych zmian w funkcjonowaniu systemu ochrony zdrowia, maj\u0105cych istoty wp\u0142yw na strategi\u0119 dalszego funkcjonowania podmiotu leczniczego wraz z analiz\u0105 otoczenia i pozycji rynkowej, a tak\u017ce rekomendacje w zakresie strategii dalszego funkcjonowania.<\/p>\r\n\r\n\r\n\r\n<p><a href='https:\/\/formedis.pl\/oferta\/doradztwo-placowkom-publicznym\/audyty-i-programy-naprawcze\/'>czytaj wi\u0119cej tutaj<\/a><\/p>\r\n\r\n\r\n\r\n<p class='has-vivid-red-color has-text-color'>+ <strong>PROFILOWANIE DZIA\u0141ALNO\u015aCI SZPITALA DO REGIONALNYCH POTRZEB ZDROWOTNYCH<\/strong> +<\/p>\r\n\r\n\r\n\r\n<p>FORMEDIS oferuje wsparcie w zakresie opracowania optymalnego planu zabezpieczenia szpitalnego dostosowanego do potrzeb regionalnych z uwzgl\u0119dnieniem efektywnego i bezpiecznego wykorzystania zasob\u00f3w ludzkich w systemie ochrony zdrowia, r\u00f3wnego dost\u0119pu\u00a0do \u015bwiadcze\u0144 opieki zdrowotnej, map potrzeb zdrowotnych, plan\u00f3w transformacji oraz sieci szpitali.<\/p>\r\n\r\n\r\n\r\n<p class='has-vivid-red-color has-text-color'>+ <strong><a href='https:\/\/formedis.pl\/oferta\/doradztwo-placowkom-publicznym\/kontroling-2\/'>KONTROLING I MONITORING DZIA\u0141ALNO\u015aCI PODMIOTU LECZNICZEGO W CELU\u00a0 POPRAWY SYTUACJI EKONOMICZNO-FINANSOWEJ SZPITALA<\/a><\/strong> +<\/p>\r\n\r\n\r\n\r\n<p>FORMEDIS oferuje wsparcie doradcze oraz nadz\u00f3r nad wdra\u017caniem w Szpitalu przyj\u0119tych element\u00f3w planu rozwojowego \/ planu naprawczo-rozwojowego Szpitala poprzez sta\u0142y monitoring bie\u017c\u0105cej efektywno\u015bci dzia\u0142alno\u015bci leczniczej w obszarze kluczowych wska\u017anik\u00f3w (Key Performance Indicators) realizowany w cyklach comiesi\u0119cznych przy wykorzystaniu dedykowanego systemu informatycznego (aplikacji webowej) daj\u0105cej sta\u0142y dost\u0119p do wynik\u00f3w bie\u017c\u0105cej dzia\u0142alno\u015bci leczniczej oraz realizowanych inicjatyw rozwojowych w obszarze finansowym, operacyjnym, kadrowym oraz wsp\u00f3\u0142pracy z NFZ.<\/p>\r\n\r\n\r\n\r\n<p><a href='https:\/\/formedis.pl\/oferta\/doradztwo-placowkom-publicznym\/kontroling-2\/'>czytaj wi\u0119cej tutaj<\/a><\/p>\r\n\r\n\r\n\r\n<p class='has-vivid-red-color has-text-color'>+ <strong><a href='https:\/\/formedis.pl\/oferta\/benchmarking\/'>BENCHMARKING<\/a><\/strong> \/ <strong>POR\u00d3WNANIE SZPITALI <\/strong>+<\/p>\r\n\r\n\r\n\r\n<p>Benchmarking jest skutecznym narz\u0119dziem, wspomagaj\u0105cym zarz\u0105dzanie, maj\u0105cym na celu uzyskanie zwrotnej informacji o podmiocie leczniczym oraz jego kom\u00f3rkach organizacyjnych i stosowanych procesach zarz\u0105dczych w odniesieniu do innych podmiot\u00f3w na rynku \u015bwiadcze\u0144 zdrowotnych.<\/p>\r\n\r\n\r\n\r\n<p>Metodologia benchmarkingu oparta jest na por\u00f3wnaniu wybranych danych finansowych i operacyjnych (tzw.\u00a0<em>Key Performance Indicators<\/em>), osi\u0105ganych aktualnie przez podmiot medyczny i jego poszczeg\u00f3lne kom\u00f3rki organizacyjne (w analizowanych obszarach i okresach), w stosunku do lat poprzednich oraz do benchmark\u00f3w rynkowych jak i przede wszystkim do opracowanych, na bazie posiadanych przez FORMEDIS algorytm\u00f3w i do\u015bwiadcze\u0144, warto\u015bci optymalnych.<\/p>\r\n\r\n\r\n\r\n<p><a href='https:\/\/formedis.pl\/oferta\/benchmarking\/'>czytaj wi\u0119cej tutaj<\/a><\/p>\r\n\r\n\r\n\r\n<p style='font-size: 10px;'>kategoria A kategoria B kategoria C kategoria D kategoria szpitala kategoria podmiotu leczniczego Agencja Rozwoju Szpitali ARS por\u00f3wnanie szpitali<\/p>\r\n\r\n<p>&nbsp;<\/p>\r\n<p><strong>Sprawd\u017a tak\u017ce:<\/strong><\/p>\r\n<ul>\r\n<li><a href='https:\/\/formedis.pl\/mmc\/oferta\/doradztwo-placowkom-publicznym\/program-naprawczy-szpitala\/'>program naprawczy szpitala<\/a>,<\/li>\r\n<li><a href='https:\/\/formedis.pl\/mmc\/oferta\/doradztwo-placowkom-publicznym\/audyty-i-programy-naprawcze\/'>audyt szpitala<\/a>,<\/li>\r\n<li><a href='https:\/\/formedis.pl\/mmc\/oferta\/doradztwo-placowkom-prywatnym\/biznesplan-dzialalnosci-medycznej\/'>biznes plan plac\u00f3wki medycznej<\/a>,<\/li>\r\n<li><a href='https:\/\/formedis.pl\/mmc\/doradztwo-medyczne\/'>doradztwo medyczne<\/a>,<\/li>\r\n<li><a href='https:\/\/formedis.pl\/mmc\/oferta\/doradztwo-dla-samorzadow\/nadzor-nad-podmiotami-leczniczymi\/'>nadz\u00f3r nad dzia\u0142alno\u015bci\u0105 medyczn\u0105<\/a>,<\/li>\r\n<li><a href='https:\/\/formedis.pl\/mmc\/oferta\/doradztwo-inwestycyjne\/'>sprzeda\u017c sp\u00f3\u0142ki medycznej<\/a>,<\/li>\r\n<li><a href='https:\/\/formedis.pl\/mmc\/oferta\/doradztwo-placowkom-publicznym\/'>strategia rozwoju szpitala<\/a>,<\/li>\r\n<li><a href='https:\/\/formedis.pl\/mmc\/oferta\/doradztwo-placowkom-publicznym\/kontroling-2\/'>controlling szpitala<\/a>.<\/li>\r\n<\/ul>","protected":false},"excerpt":{"rendered":"<p>&nbsp; 30 grudnia 2021 roku na stronie internetowej Rz\u0105dowego Centrum Legislacji opublikowano projekt ustawy o modernizacji i poprawie efektywno\u015bci szpitalnictwa (tzw. \u201ereforma szpitalnictwa\u201d). Nowa ustawa ma<span class=\"excerpt-hellip\"> [\u2026]<\/span><\/p>\n","protected":false},"author":1,"featured_media":-1,"parent":2115,"menu_order":0,"comment_status":"closed","ping_status":"closed","template":"","meta":{"footnotes":""},"class_list":["post-5073","page","type-page","status-publish","has-post-thumbnail","hentry"],"yoast_head":"<!-- This site is optimized with the Yoast SEO plugin v27.3 - https:\/\/yoast.com\/product\/yoast-seo-wordpress\/ -->\n<title>Reforma Szpitalnictwa - Formedis Medical Management &amp; Consulting<\/title>\n<meta name=\"description\" content=\"Plan rozwojowy szpitala, por\u00f3wnanie szpitali, profilowanie dzia\u0142alno\u015bci szpitala. Szpital kategorii a, szpital kategorii b.\" \/>\n<meta name=\"robots\" content=\"index, follow, max-snippet:-1, max-image-preview:large, max-video-preview:-1\" \/>\n<link rel=\"canonical\" href=\"https:\/\/formedis.pl\/mmc\/oferta\/zalozenia-projektu-ustawy-o-modernizacji-i-poprawie-efektywnosci-szpitalnictwa\/\" \/>\n<meta property=\"og:locale\" content=\"pl_PL\" \/>\n<meta property=\"og:type\" content=\"article\" \/>\n<meta property=\"og:title\" content=\"Reforma Szpitalnictwa - Formedis Medical Management &amp; Consulting\" \/>\n<meta property=\"og:description\" content=\"Plan rozwojowy szpitala, por\u00f3wnanie szpitali, profilowanie dzia\u0142alno\u015bci szpitala. Szpital kategorii a, szpital kategorii b.\" \/>\n<meta property=\"og:url\" content=\"https:\/\/formedis.pl\/mmc\/oferta\/zalozenia-projektu-ustawy-o-modernizacji-i-poprawie-efektywnosci-szpitalnictwa\/\" \/>\n<meta property=\"og:site_name\" content=\"Formedis Medical Management &amp; Consulting\" \/>\n<meta property=\"article:modified_time\" content=\"2025-12-12T10:47:54+00:00\" \/>\n<meta name=\"twitter:card\" content=\"summary_large_image\" \/>\n<meta name=\"twitter:label1\" content=\"Szacowany czas czytania\" \/>\n\t<meta name=\"twitter:data1\" content=\"5 minut\" \/>\n<script type=\"application\/ld+json\" class=\"yoast-schema-graph\">{\"@context\":\"https:\\\/\\\/schema.org\",\"@graph\":[{\"@type\":\"WebPage\",\"@id\":\"https:\\\/\\\/formedis.pl\\\/mmc\\\/oferta\\\/zalozenia-projektu-ustawy-o-modernizacji-i-poprawie-efektywnosci-szpitalnictwa\\\/\",\"url\":\"https:\\\/\\\/formedis.pl\\\/mmc\\\/oferta\\\/zalozenia-projektu-ustawy-o-modernizacji-i-poprawie-efektywnosci-szpitalnictwa\\\/\",\"name\":\"Reforma Szpitalnictwa - Formedis Medical Management &amp; Consulting\",\"isPartOf\":{\"@id\":\"https:\\\/\\\/formedis.pl\\\/mmc\\\/#website\"},\"datePublished\":\"2022-01-26T14:19:13+00:00\",\"dateModified\":\"2025-12-12T10:47:54+00:00\",\"description\":\"Plan rozwojowy szpitala, por\u00f3wnanie szpitali, profilowanie dzia\u0142alno\u015bci szpitala. Szpital kategorii a, szpital kategorii b.\",\"breadcrumb\":{\"@id\":\"https:\\\/\\\/formedis.pl\\\/mmc\\\/oferta\\\/zalozenia-projektu-ustawy-o-modernizacji-i-poprawie-efektywnosci-szpitalnictwa\\\/#breadcrumb\"},\"inLanguage\":\"pl-PL\",\"potentialAction\":[{\"@type\":\"ReadAction\",\"target\":[\"https:\\\/\\\/formedis.pl\\\/mmc\\\/oferta\\\/zalozenia-projektu-ustawy-o-modernizacji-i-poprawie-efektywnosci-szpitalnictwa\\\/\"]}]},{\"@type\":\"BreadcrumbList\",\"@id\":\"https:\\\/\\\/formedis.pl\\\/mmc\\\/oferta\\\/zalozenia-projektu-ustawy-o-modernizacji-i-poprawie-efektywnosci-szpitalnictwa\\\/#breadcrumb\",\"itemListElement\":[{\"@type\":\"ListItem\",\"position\":1,\"name\":\"Strona g\u0142\u00f3wna\",\"item\":\"https:\\\/\\\/formedis.pl\\\/mmc\\\/\"},{\"@type\":\"ListItem\",\"position\":2,\"name\":\"Oferta\",\"item\":\"https:\\\/\\\/formedis.pl\\\/mmc\\\/oferta\\\/\"},{\"@type\":\"ListItem\",\"position\":3,\"name\":\"Reforma Szpitalnictwa\"}]},{\"@type\":\"WebSite\",\"@id\":\"https:\\\/\\\/formedis.pl\\\/mmc\\\/#website\",\"url\":\"https:\\\/\\\/formedis.pl\\\/mmc\\\/\",\"name\":\"Formedis Medical Management &amp; Consulting\",\"description\":\"\",\"potentialAction\":[{\"@type\":\"SearchAction\",\"target\":{\"@type\":\"EntryPoint\",\"urlTemplate\":\"https:\\\/\\\/formedis.pl\\\/mmc\\\/?s={search_term_string}\"},\"query-input\":{\"@type\":\"PropertyValueSpecification\",\"valueRequired\":true,\"valueName\":\"search_term_string\"}}],\"inLanguage\":\"pl-PL\"}]}<\/script>\n<!-- \/ Yoast SEO plugin. -->","yoast_head_json":{"title":"Reforma Szpitalnictwa - Formedis Medical Management &amp; Consulting","description":"Plan rozwojowy szpitala, por\u00f3wnanie szpitali, profilowanie dzia\u0142alno\u015bci szpitala. Szpital kategorii a, szpital kategorii b.","robots":{"index":"index","follow":"follow","max-snippet":"max-snippet:-1","max-image-preview":"max-image-preview:large","max-video-preview":"max-video-preview:-1"},"canonical":"https:\/\/formedis.pl\/mmc\/oferta\/zalozenia-projektu-ustawy-o-modernizacji-i-poprawie-efektywnosci-szpitalnictwa\/","og_locale":"pl_PL","og_type":"article","og_title":"Reforma Szpitalnictwa - Formedis Medical Management &amp; Consulting","og_description":"Plan rozwojowy szpitala, por\u00f3wnanie szpitali, profilowanie dzia\u0142alno\u015bci szpitala. Szpital kategorii a, szpital kategorii b.","og_url":"https:\/\/formedis.pl\/mmc\/oferta\/zalozenia-projektu-ustawy-o-modernizacji-i-poprawie-efektywnosci-szpitalnictwa\/","og_site_name":"Formedis Medical Management &amp; Consulting","article_modified_time":"2025-12-12T10:47:54+00:00","twitter_card":"summary_large_image","twitter_misc":{"Szacowany czas czytania":"5 minut"},"schema":{"@context":"https:\/\/schema.org","@graph":[{"@type":"WebPage","@id":"https:\/\/formedis.pl\/mmc\/oferta\/zalozenia-projektu-ustawy-o-modernizacji-i-poprawie-efektywnosci-szpitalnictwa\/","url":"https:\/\/formedis.pl\/mmc\/oferta\/zalozenia-projektu-ustawy-o-modernizacji-i-poprawie-efektywnosci-szpitalnictwa\/","name":"Reforma Szpitalnictwa - Formedis Medical Management &amp; Consulting","isPartOf":{"@id":"https:\/\/formedis.pl\/mmc\/#website"},"datePublished":"2022-01-26T14:19:13+00:00","dateModified":"2025-12-12T10:47:54+00:00","description":"Plan rozwojowy szpitala, por\u00f3wnanie szpitali, profilowanie dzia\u0142alno\u015bci szpitala. Szpital kategorii a, szpital kategorii b.","breadcrumb":{"@id":"https:\/\/formedis.pl\/mmc\/oferta\/zalozenia-projektu-ustawy-o-modernizacji-i-poprawie-efektywnosci-szpitalnictwa\/#breadcrumb"},"inLanguage":"pl-PL","potentialAction":[{"@type":"ReadAction","target":["https:\/\/formedis.pl\/mmc\/oferta\/zalozenia-projektu-ustawy-o-modernizacji-i-poprawie-efektywnosci-szpitalnictwa\/"]}]},{"@type":"BreadcrumbList","@id":"https:\/\/formedis.pl\/mmc\/oferta\/zalozenia-projektu-ustawy-o-modernizacji-i-poprawie-efektywnosci-szpitalnictwa\/#breadcrumb","itemListElement":[{"@type":"ListItem","position":1,"name":"Strona g\u0142\u00f3wna","item":"https:\/\/formedis.pl\/mmc\/"},{"@type":"ListItem","position":2,"name":"Oferta","item":"https:\/\/formedis.pl\/mmc\/oferta\/"},{"@type":"ListItem","position":3,"name":"Reforma Szpitalnictwa"}]},{"@type":"WebSite","@id":"https:\/\/formedis.pl\/mmc\/#website","url":"https:\/\/formedis.pl\/mmc\/","name":"Formedis Medical Management &amp; Consulting","description":"","potentialAction":[{"@type":"SearchAction","target":{"@type":"EntryPoint","urlTemplate":"https:\/\/formedis.pl\/mmc\/?s={search_term_string}"},"query-input":{"@type":"PropertyValueSpecification","valueRequired":true,"valueName":"search_term_string"}}],"inLanguage":"pl-PL"}]}},"_links":{"self":[{"href":"https:\/\/formedis.pl\/mmc\/wp-json\/wp\/v2\/pages\/5073","targetHints":{"allow":["GET"]}}],"collection":[{"href":"https:\/\/formedis.pl\/mmc\/wp-json\/wp\/v2\/pages"}],"about":[{"href":"https:\/\/formedis.pl\/mmc\/wp-json\/wp\/v2\/types\/page"}],"author":[{"embeddable":true,"href":"https:\/\/formedis.pl\/mmc\/wp-json\/wp\/v2\/users\/1"}],"replies":[{"embeddable":true,"href":"https:\/\/formedis.pl\/mmc\/wp-json\/wp\/v2\/comments?post=5073"}],"version-history":[{"count":45,"href":"https:\/\/formedis.pl\/mmc\/wp-json\/wp\/v2\/pages\/5073\/revisions"}],"predecessor-version":[{"id":6996,"href":"https:\/\/formedis.pl\/mmc\/wp-json\/wp\/v2\/pages\/5073\/revisions\/6996"}],"up":[{"embeddable":true,"href":"https:\/\/formedis.pl\/mmc\/wp-json\/wp\/v2\/pages\/2115"}],"wp:featuredmedia":[{"embeddable":true,"href":"https:\/\/formedis.pl\/mmc\/wp-json\/"}],"wp:attachment":[{"href":"https:\/\/formedis.pl\/mmc\/wp-json\/wp\/v2\/media?parent=5073"}],"curies":[{"name":"wp","href":"https:\/\/api.w.org\/{rel}","templated":true}]}}