{"id":4617,"date":"2021-01-04T14:15:58","date_gmt":"2021-01-04T13:15:58","guid":{"rendered":"https:\/\/formedis.pl\/?page_id=4617"},"modified":"2025-11-18T21:26:47","modified_gmt":"2025-11-18T20:26:47","slug":"benchmarking","status":"publish","type":"page","link":"https:\/\/formedis.pl\/mmc\/oferta\/benchmarking\/","title":{"rendered":"Benchmarking szpitali"},"content":{"rendered":"\r\n<p>Benchmarking szpitala to skuteczne narz\u0119dzie, wspomagaj\u0105ce zarz\u0105dzanie i ocen\u0119 dzia\u0142alno\u015bci leczniczej podmiotu, maj\u0105ce na celu uzyskanie zwrotnej informacji o podmiocie medycznym oraz wszystkich jego kom\u00f3rkach organizacyjnych (podstawowych medycznych oraz pomocniczych medycznych i niemedycznych) i stosowanych procesach zarz\u0105dczych w odniesieniu do innych podmiot\u00f3w na rynku \u015bwiadcze\u0144 zdrowotnych.<\/p>\r\n\r\n\r\n\r\n<p>Metodologia benchmarkingu oparta jest na por\u00f3wnaniu wybranych danych finansowych i operacyjnych (tzw. <em>Key Performance Indicators<\/em>), osi\u0105ganych aktualnie przez podmiot medyczny i jego poszczeg\u00f3lne kom\u00f3rki organizacyjne (w analizowanych obszarach i okresach), w stosunku do lat poprzednich oraz do benchmark\u00f3w rynkowych jak i przede wszystkim do opracowanych, na bazie posiadanych przez FORMEDIS algorytm\u00f3w i do\u015bwiadcze\u0144, warto\u015bci optymalnych.<\/p>\r\n\r\n\r\n\r\n<p>Szczeg\u00f3lnie przydatnym dla w\u0142a\u015bciciela oraz kierownictwa plac\u00f3wki medycznej jest kompleksowy \u201ebenchmarking zarz\u0105dzania\u201d, kt\u00f3ry pozwala na zobiektywizowan\u0105 i wielowymiarow\u0105 ocen\u0119 zarz\u0105dzania podmiotem leczniczym, polegaj\u0105c\u0105 na por\u00f3wnywaniu stosowanych metod zarz\u0105dzania, narz\u0119dzi wspomagaj\u0105cych ten proces, polityki dotycz\u0105cej zarzadzania zasobami ludzkimi, jak r\u00f3wnie\u017c zasad gospodarki materia\u0142ami i lekami, sprz\u0119tem oraz aparatur\u0105 medyczn\u0105, a w konsekwencji uzyskiwanych wynik\u00f3w finansowych i operacyjnych.<\/p>\r\n\r\n\r\n\r\n<div class=\"wp-block-image\">\r\n<figure class=\"aligncenter size-large is-resized\"><a href=\"https:\/\/formedis.pl\/wp-content\/uploads\/2020\/09\/benchmarking.png\"><img loading=\"lazy\" decoding=\"async\" class=\"wp-image-4497\" src=\"https:\/\/formedis.pl\/wp-content\/uploads\/2020\/10\/benchmarking-edited-1024x503.png\" alt=\"\" width=\"512\" height=\"252\" srcset=\"https:\/\/formedis.pl\/mmc\/wp-content\/uploads\/sites\/1\/2020\/10\/benchmarking-edited-1024x503.png 1024w, https:\/\/formedis.pl\/mmc\/wp-content\/uploads\/sites\/1\/2020\/10\/benchmarking-edited-300x147.png 300w, https:\/\/formedis.pl\/mmc\/wp-content\/uploads\/sites\/1\/2020\/10\/benchmarking-edited-768x377.png 768w, https:\/\/formedis.pl\/mmc\/wp-content\/uploads\/sites\/1\/2020\/10\/benchmarking-edited-260x128.png 260w, https:\/\/formedis.pl\/mmc\/wp-content\/uploads\/sites\/1\/2020\/10\/benchmarking-edited-50x25.png 50w, https:\/\/formedis.pl\/mmc\/wp-content\/uploads\/sites\/1\/2020\/10\/benchmarking-edited-150x75.png 150w, https:\/\/formedis.pl\/mmc\/wp-content\/uploads\/sites\/1\/2020\/10\/benchmarking-edited.png 1232w\" sizes=\"auto, (max-width:767px) 480px, 512px\" \/><\/a><\/figure>\r\n<\/div>\r\n\r\n\r\n\r\n<p><strong>Celem mo\u017cliwo\u015bci dokonania takiego por\u00f3wnania niezb\u0119dne jest:<\/strong><\/p>\r\n\r\n\r\n\r\n<ul class=\"wp-block-list\">\r\n<li>ustandaryzowanie wybranych danych finansowych i operacyjnych osi\u0105ganych zar\u00f3wno przez ca\u0142y podmiot medyczny, jak i wspomniane wyodr\u0119bnione obszary,<\/li>\r\n<li>obliczenie \u2013 na bazie tak ustandaryzowanych danych finansowych i operacyjnych &#8211; ustandaryzowanych wska\u017anik\u00f3w finansowych i operacyjnych analizowanego podmiotu medycznego i por\u00f3wnanie ich do warto\u015bci benchmarkowych i warto\u015bci optymalnych.<\/li>\r\n<\/ul>\r\n<p><strong>Sprawd\u017a tak\u017ce:<\/strong><\/p>\r\n<ul>\r\n<li><a href=\"https:\/\/formedis.pl\/mmc\/oferta\/doradztwo-placowkom-publicznym\/program-naprawczy-szpitala\/\">program naprawczy szpitala<\/a>,<\/li>\r\n<li><a href=\"https:\/\/formedis.pl\/mmc\/oferta\/doradztwo-placowkom-publicznym\/audyty-i-programy-naprawcze\/\">audyt szpitala<\/a>,<\/li>\r\n<li><a href=\"https:\/\/formedis.pl\/mmc\/oferta\/doradztwo-placowkom-prywatnym\/biznesplan-dzialalnosci-medycznej\/\">biznes plan plac\u00f3wki medycznej<\/a>,<\/li>\r\n<li><a href=\"https:\/\/formedis.pl\/mmc\/doradztwo-medyczne\/\">doradztwo medyczne<\/a>,<\/li>\r\n<li><a href=\"https:\/\/formedis.pl\/mmc\/oferta\/doradztwo-dla-samorzadow\/nadzor-nad-podmiotami-leczniczymi\/\">nadz\u00f3r nad dzia\u0142alno\u015bci\u0105 medyczn\u0105<\/a>,<\/li>\r\n<li><a href=\"https:\/\/formedis.pl\/mmc\/oferta\/doradztwo-inwestycyjne\/\">sprzeda\u017c sp\u00f3\u0142ki medycznej<\/a>,<\/li>\r\n<li><a href=\"https:\/\/formedis.pl\/mmc\/oferta\/doradztwo-placowkom-publicznym\/\">strategia rozwoju szpitala<\/a>,<\/li>\r\n<li><a href=\"https:\/\/formedis.pl\/mmc\/oferta\/doradztwo-placowkom-publicznym\/kontroling-2\/\">controlling szpitala<\/a>.<\/li>\r\n<\/ul>\r\n","protected":false},"excerpt":{"rendered":"<p>Benchmarking szpitala to skuteczne narz\u0119dzie, wspomagaj\u0105ce zarz\u0105dzanie i ocen\u0119 dzia\u0142alno\u015bci leczniczej podmiotu, maj\u0105ce na celu uzyskanie zwrotnej informacji o podmiocie medycznym oraz wszystkich jego kom\u00f3rkach organizacyjnych<span class=\"excerpt-hellip\"> [\u2026]<\/span><\/p>\n","protected":false},"author":1,"featured_media":-1,"parent":2115,"menu_order":0,"comment_status":"closed","ping_status":"closed","template":"","meta":{"footnotes":""},"class_list":["post-4617","page","type-page","status-publish","has-post-thumbnail","hentry"],"yoast_head":"<!-- This site is optimized with the Yoast SEO plugin v27.4 - https:\/\/yoast.com\/product\/yoast-seo-wordpress\/ -->\n<title>Benchmarking Szpitali \u2013 Formedis<\/title>\n<meta name=\"description\" content=\"Formedis Medical Management Consulting \u27a4 Odkryj nasz\u0105 ofert\u0119 benchmarkingu Szpitala, kt\u00f3ry pozwoli Ci por\u00f3wna\u0107 swoje wyniki z innymi podmiotami \u2714 Sprawd\u017a!\" \/>\n<meta name=\"robots\" content=\"index, follow, max-snippet:-1, max-image-preview:large, max-video-preview:-1\" \/>\n<link rel=\"canonical\" href=\"https:\/\/formedis.pl\/mmc\/oferta\/benchmarking\/\" \/>\n<meta property=\"og:locale\" content=\"pl_PL\" \/>\n<meta property=\"og:type\" content=\"article\" \/>\n<meta property=\"og:title\" content=\"Benchmarking Szpitali \u2013 Formedis\" \/>\n<meta property=\"og:description\" content=\"Formedis Medical Management Consulting \u27a4 Odkryj nasz\u0105 ofert\u0119 benchmarkingu Szpitala, kt\u00f3ry pozwoli Ci por\u00f3wna\u0107 swoje wyniki z innymi podmiotami \u2714 Sprawd\u017a!\" \/>\n<meta property=\"og:url\" content=\"https:\/\/formedis.pl\/mmc\/oferta\/benchmarking\/\" \/>\n<meta property=\"og:site_name\" content=\"Formedis Medical Management &amp; Consulting\" \/>\n<meta property=\"article:modified_time\" content=\"2025-11-18T20:26:47+00:00\" \/>\n<meta name=\"twitter:card\" content=\"summary_large_image\" \/>\n<meta name=\"twitter:label1\" content=\"Szacowany czas czytania\" \/>\n\t<meta name=\"twitter:data1\" content=\"2 minuty\" \/>\n<script type=\"application\/ld+json\" class=\"yoast-schema-graph\">{\"@context\":\"https:\\\/\\\/schema.org\",\"@graph\":[{\"@type\":\"WebPage\",\"@id\":\"https:\\\/\\\/formedis.pl\\\/mmc\\\/oferta\\\/benchmarking\\\/\",\"url\":\"https:\\\/\\\/formedis.pl\\\/mmc\\\/oferta\\\/benchmarking\\\/\",\"name\":\"Benchmarking Szpitali \u2013 Formedis\",\"isPartOf\":{\"@id\":\"https:\\\/\\\/formedis.pl\\\/mmc\\\/#website\"},\"primaryImageOfPage\":{\"@id\":\"https:\\\/\\\/formedis.pl\\\/mmc\\\/oferta\\\/benchmarking\\\/#primaryimage\"},\"image\":{\"@id\":\"https:\\\/\\\/formedis.pl\\\/mmc\\\/oferta\\\/benchmarking\\\/#primaryimage\"},\"thumbnailUrl\":\"https:\\\/\\\/formedis.pl\\\/wp-content\\\/uploads\\\/2020\\\/10\\\/benchmarking-edited-1024x503.png\",\"datePublished\":\"2021-01-04T13:15:58+00:00\",\"dateModified\":\"2025-11-18T20:26:47+00:00\",\"description\":\"Formedis Medical Management Consulting \u27a4 Odkryj nasz\u0105 ofert\u0119 benchmarkingu Szpitala, kt\u00f3ry pozwoli Ci por\u00f3wna\u0107 swoje wyniki z innymi podmiotami \u2714 Sprawd\u017a!\",\"breadcrumb\":{\"@id\":\"https:\\\/\\\/formedis.pl\\\/mmc\\\/oferta\\\/benchmarking\\\/#breadcrumb\"},\"inLanguage\":\"pl-PL\",\"potentialAction\":[{\"@type\":\"ReadAction\",\"target\":[\"https:\\\/\\\/formedis.pl\\\/mmc\\\/oferta\\\/benchmarking\\\/\"]}]},{\"@type\":\"ImageObject\",\"inLanguage\":\"pl-PL\",\"@id\":\"https:\\\/\\\/formedis.pl\\\/mmc\\\/oferta\\\/benchmarking\\\/#primaryimage\",\"url\":\"https:\\\/\\\/formedis.pl\\\/wp-content\\\/uploads\\\/2020\\\/10\\\/benchmarking-edited-1024x503.png\",\"contentUrl\":\"https:\\\/\\\/formedis.pl\\\/wp-content\\\/uploads\\\/2020\\\/10\\\/benchmarking-edited-1024x503.png\"},{\"@type\":\"BreadcrumbList\",\"@id\":\"https:\\\/\\\/formedis.pl\\\/mmc\\\/oferta\\\/benchmarking\\\/#breadcrumb\",\"itemListElement\":[{\"@type\":\"ListItem\",\"position\":1,\"name\":\"Strona g\u0142\u00f3wna\",\"item\":\"https:\\\/\\\/formedis.pl\\\/mmc\\\/\"},{\"@type\":\"ListItem\",\"position\":2,\"name\":\"Oferta\",\"item\":\"https:\\\/\\\/formedis.pl\\\/mmc\\\/oferta\\\/\"},{\"@type\":\"ListItem\",\"position\":3,\"name\":\"Benchmarking szpitali\"}]},{\"@type\":\"WebSite\",\"@id\":\"https:\\\/\\\/formedis.pl\\\/mmc\\\/#website\",\"url\":\"https:\\\/\\\/formedis.pl\\\/mmc\\\/\",\"name\":\"Formedis Medical Management &amp; Consulting\",\"description\":\"\",\"potentialAction\":[{\"@type\":\"SearchAction\",\"target\":{\"@type\":\"EntryPoint\",\"urlTemplate\":\"https:\\\/\\\/formedis.pl\\\/mmc\\\/?s={search_term_string}\"},\"query-input\":{\"@type\":\"PropertyValueSpecification\",\"valueRequired\":true,\"valueName\":\"search_term_string\"}}],\"inLanguage\":\"pl-PL\"}]}<\/script>\n<!-- \/ Yoast SEO plugin. -->","yoast_head_json":{"title":"Benchmarking Szpitali \u2013 Formedis","description":"Formedis Medical Management Consulting \u27a4 Odkryj nasz\u0105 ofert\u0119 benchmarkingu Szpitala, kt\u00f3ry pozwoli Ci por\u00f3wna\u0107 swoje wyniki z innymi podmiotami \u2714 Sprawd\u017a!","robots":{"index":"index","follow":"follow","max-snippet":"max-snippet:-1","max-image-preview":"max-image-preview:large","max-video-preview":"max-video-preview:-1"},"canonical":"https:\/\/formedis.pl\/mmc\/oferta\/benchmarking\/","og_locale":"pl_PL","og_type":"article","og_title":"Benchmarking Szpitali \u2013 Formedis","og_description":"Formedis Medical Management Consulting \u27a4 Odkryj nasz\u0105 ofert\u0119 benchmarkingu Szpitala, kt\u00f3ry pozwoli Ci por\u00f3wna\u0107 swoje wyniki z innymi podmiotami \u2714 Sprawd\u017a!","og_url":"https:\/\/formedis.pl\/mmc\/oferta\/benchmarking\/","og_site_name":"Formedis Medical Management &amp; Consulting","article_modified_time":"2025-11-18T20:26:47+00:00","twitter_card":"summary_large_image","twitter_misc":{"Szacowany czas czytania":"2 minuty"},"schema":{"@context":"https:\/\/schema.org","@graph":[{"@type":"WebPage","@id":"https:\/\/formedis.pl\/mmc\/oferta\/benchmarking\/","url":"https:\/\/formedis.pl\/mmc\/oferta\/benchmarking\/","name":"Benchmarking Szpitali \u2013 Formedis","isPartOf":{"@id":"https:\/\/formedis.pl\/mmc\/#website"},"primaryImageOfPage":{"@id":"https:\/\/formedis.pl\/mmc\/oferta\/benchmarking\/#primaryimage"},"image":{"@id":"https:\/\/formedis.pl\/mmc\/oferta\/benchmarking\/#primaryimage"},"thumbnailUrl":"https:\/\/formedis.pl\/wp-content\/uploads\/2020\/10\/benchmarking-edited-1024x503.png","datePublished":"2021-01-04T13:15:58+00:00","dateModified":"2025-11-18T20:26:47+00:00","description":"Formedis Medical Management Consulting \u27a4 Odkryj nasz\u0105 ofert\u0119 benchmarkingu Szpitala, kt\u00f3ry pozwoli Ci por\u00f3wna\u0107 swoje wyniki z innymi podmiotami \u2714 Sprawd\u017a!","breadcrumb":{"@id":"https:\/\/formedis.pl\/mmc\/oferta\/benchmarking\/#breadcrumb"},"inLanguage":"pl-PL","potentialAction":[{"@type":"ReadAction","target":["https:\/\/formedis.pl\/mmc\/oferta\/benchmarking\/"]}]},{"@type":"ImageObject","inLanguage":"pl-PL","@id":"https:\/\/formedis.pl\/mmc\/oferta\/benchmarking\/#primaryimage","url":"https:\/\/formedis.pl\/wp-content\/uploads\/2020\/10\/benchmarking-edited-1024x503.png","contentUrl":"https:\/\/formedis.pl\/wp-content\/uploads\/2020\/10\/benchmarking-edited-1024x503.png"},{"@type":"BreadcrumbList","@id":"https:\/\/formedis.pl\/mmc\/oferta\/benchmarking\/#breadcrumb","itemListElement":[{"@type":"ListItem","position":1,"name":"Strona g\u0142\u00f3wna","item":"https:\/\/formedis.pl\/mmc\/"},{"@type":"ListItem","position":2,"name":"Oferta","item":"https:\/\/formedis.pl\/mmc\/oferta\/"},{"@type":"ListItem","position":3,"name":"Benchmarking szpitali"}]},{"@type":"WebSite","@id":"https:\/\/formedis.pl\/mmc\/#website","url":"https:\/\/formedis.pl\/mmc\/","name":"Formedis Medical Management &amp; Consulting","description":"","potentialAction":[{"@type":"SearchAction","target":{"@type":"EntryPoint","urlTemplate":"https:\/\/formedis.pl\/mmc\/?s={search_term_string}"},"query-input":{"@type":"PropertyValueSpecification","valueRequired":true,"valueName":"search_term_string"}}],"inLanguage":"pl-PL"}]}},"_links":{"self":[{"href":"https:\/\/formedis.pl\/mmc\/wp-json\/wp\/v2\/pages\/4617","targetHints":{"allow":["GET"]}}],"collection":[{"href":"https:\/\/formedis.pl\/mmc\/wp-json\/wp\/v2\/pages"}],"about":[{"href":"https:\/\/formedis.pl\/mmc\/wp-json\/wp\/v2\/types\/page"}],"author":[{"embeddable":true,"href":"https:\/\/formedis.pl\/mmc\/wp-json\/wp\/v2\/users\/1"}],"replies":[{"embeddable":true,"href":"https:\/\/formedis.pl\/mmc\/wp-json\/wp\/v2\/comments?post=4617"}],"version-history":[{"count":7,"href":"https:\/\/formedis.pl\/mmc\/wp-json\/wp\/v2\/pages\/4617\/revisions"}],"predecessor-version":[{"id":6973,"href":"https:\/\/formedis.pl\/mmc\/wp-json\/wp\/v2\/pages\/4617\/revisions\/6973"}],"up":[{"embeddable":true,"href":"https:\/\/formedis.pl\/mmc\/wp-json\/wp\/v2\/pages\/2115"}],"wp:featuredmedia":[{"embeddable":true,"href":"https:\/\/formedis.pl\/mmc\/wp-json\/"}],"wp:attachment":[{"href":"https:\/\/formedis.pl\/mmc\/wp-json\/wp\/v2\/media?parent=4617"}],"curies":[{"name":"wp","href":"https:\/\/api.w.org\/{rel}","templated":true}]}}