{"id":3054,"date":"2018-08-10T14:13:08","date_gmt":"2018-08-10T12:13:08","guid":{"rendered":"http:\/\/formedis.pl\/?page_id=3054"},"modified":"2026-03-15T09:05:53","modified_gmt":"2026-03-15T08:05:53","slug":"analiza-programow-inwestycyjnych","status":"publish","type":"page","link":"https:\/\/formedis.pl\/mmc\/oferta\/doradztwo-dla-samorzadow\/analiza-programow-inwestycyjnych\/","title":{"rendered":"Analiza program\u00f3w inwestycyjnych"},"content":{"rendered":"<p style=\"text-align: justify;\">Innym istotnym aktem prawnym, kt\u00f3ry nale\u017cy uwzgl\u0119dni\u0107 przy planowaniu inwestycji dotycz\u0105cych podmiotu leczniczego (dzia\u0142alno\u015bci inwestycyjnej) jest nowelizacja ustawy o \u015bwiadczeniach opieki zdrowotnej finansowanych ze \u015brodk\u00f3w publicznych, zasady oceny inwestycji w ochronie zdrowia (tzw. IOWISZ) &#8211; przez wojewod\u00f3w. Powy\u017csze oznacza, \u017ce ka\u017cdy podmiot leczniczy, na planowan\u0105 inwestycj\u0119 (kt\u00f3ra zgodnie z wytycznymi ustawowymi takiej ocenie podlega) musi uzyska\u0107 zgod\u0119 wojewody i bez tej zgody nie mo\u017ce inwestowa\u0107 ani \u015brodk\u00f3w publicznych ani unijnych. Niniejsze dotyczy nie tylko utworzenia (w ramach inwestycji, o kt\u00f3rych mowa w ustawie) nowych oddzia\u0142\u00f3w, jak r\u00f3wnie\u017c rozbudowy ju\u017c istniej\u0105cej infrastruktury. Uzyskanie zgody wojewody w zakresie inwestycji podmiotu leczniczego w nowe obszary (np. oddzia\u0142y) jest niezmiernie istotne, poniewa\u017c zgoda ta jest jednoznaczna z zobowi\u0105zaniem si\u0119 do finansowania nowopowsta\u0142ych obszar\u00f3w ze \u015brodk\u00f3w publicznych. Zesp\u00f3\u0142 ekspert\u00f3w FORMEDIS efektywnie wspiera podmioty tworz\u0105ce oraz plac\u00f3wki prowadz\u0105ce dzia\u0142alno\u015b\u0107 lecznicz\u0105 w procedurze opiniowania IOWISZ. Doradzamy, jak skutecznie uzyska\u0107 pozytywne rekomendacje a docelowo zgod\u0119 na realizacj\u0119 inwestycji i przedsi\u0119wzi\u0119\u0107 ze \u015brodk\u00f3w publicznych (samorz\u0105dowych) i pozabud\u017cetowych (w tym m.in. unijnych). Analizujemy ponadto szanse pozyskania dotacji na realizacj\u0119 dzia\u0142alno\u015bci inwestycyjnej.<\/p>\n<p><strong>Sprawd\u017a tak\u017ce:<\/strong><\/p>\n<ul>\n<li><a href=\"https:\/\/formedis.pl\/mmc\/oferta\/doradztwo-placowkom-publicznym\/program-naprawczy-szpitala\/\">program naprawczy szpitala<\/a>,<\/li>\n<li><a href=\"https:\/\/formedis.pl\/mmc\/oferta\/doradztwo-placowkom-publicznym\/audyty-i-programy-naprawcze\/\">audyt szpitala<\/a>,<\/li>\n<li><a href=\"https:\/\/formedis.pl\/mmc\/oferta\/doradztwo-placowkom-prywatnym\/biznesplan-dzialalnosci-medycznej\/\">biznes plan plac\u00f3wki medycznej<\/a>,<\/li>\n<li><a href=\"https:\/\/formedis.pl\/mmc\/doradztwo-medyczne\/\">doradztwo medyczne<\/a>,<\/li>\n<li><a href=\"https:\/\/formedis.pl\/mmc\/oferta\/doradztwo-dla-samorzadow\/nadzor-nad-podmiotami-leczniczymi\/\">nadz\u00f3r nad dzia\u0142alno\u015bci\u0105 medyczn\u0105<\/a>,<\/li>\n<li><a href=\"https:\/\/formedis.pl\/mmc\/oferta\/doradztwo-inwestycyjne\/\">sprzeda\u017c sp\u00f3\u0142ki medycznej<\/a>,<\/li>\n<li><a href=\"https:\/\/formedis.pl\/mmc\/oferta\/doradztwo-placowkom-publicznym\/\">strategia rozwoju szpitala<\/a>,<\/li>\n<li><a href=\"https:\/\/formedis.pl\/mmc\/oferta\/doradztwo-placowkom-publicznym\/kontroling-2\/\">controlling szpitala<\/a>.<\/li>\n<\/ul>\n","protected":false},"excerpt":{"rendered":"<p>Innym istotnym aktem prawnym, kt\u00f3ry nale\u017cy uwzgl\u0119dni\u0107 przy planowaniu inwestycji dotycz\u0105cych podmiotu leczniczego (dzia\u0142alno\u015bci inwestycyjnej) jest nowelizacja ustawy o \u015bwiadczeniach opieki zdrowotnej finansowanych ze \u015brodk\u00f3w publicznych,<span class=\"excerpt-hellip\"> [\u2026]<\/span><\/p>\n","protected":false},"author":1,"featured_media":-1,"parent":3050,"menu_order":0,"comment_status":"closed","ping_status":"closed","template":"","meta":{"footnotes":""},"class_list":["post-3054","page","type-page","status-publish","has-post-thumbnail","hentry"],"yoast_head":"<!-- This site is optimized with the Yoast SEO plugin v27.4 - https:\/\/yoast.com\/product\/yoast-seo-wordpress\/ -->\n<title>Analiza program\u00f3w inwestycyjnych - Formedis Medical Management &amp; Consulting<\/title>\n<meta name=\"description\" content=\"Analiza program\u00f3w inwestycyjnych w ochronie zdrowia. Oceniamy efektywno\u015b\u0107, zasadno\u015b\u0107 projekt\u00f3w i mo\u017cliwo\u015bci ich realizacji.\" \/>\n<meta name=\"robots\" content=\"index, follow, max-snippet:-1, max-image-preview:large, max-video-preview:-1\" \/>\n<link rel=\"canonical\" href=\"https:\/\/formedis.pl\/mmc\/oferta\/doradztwo-dla-samorzadow\/analiza-programow-inwestycyjnych\/\" \/>\n<meta property=\"og:locale\" content=\"pl_PL\" \/>\n<meta property=\"og:type\" content=\"article\" \/>\n<meta property=\"og:title\" content=\"Analiza program\u00f3w inwestycyjnych - Formedis Medical Management &amp; Consulting\" \/>\n<meta property=\"og:description\" content=\"Analiza program\u00f3w inwestycyjnych w ochronie zdrowia. Oceniamy efektywno\u015b\u0107, zasadno\u015b\u0107 projekt\u00f3w i mo\u017cliwo\u015bci ich realizacji.\" \/>\n<meta property=\"og:url\" content=\"https:\/\/formedis.pl\/mmc\/oferta\/doradztwo-dla-samorzadow\/analiza-programow-inwestycyjnych\/\" \/>\n<meta property=\"og:site_name\" content=\"Formedis Medical Management &amp; Consulting\" \/>\n<meta property=\"article:modified_time\" content=\"2026-03-15T08:05:53+00:00\" \/>\n<meta name=\"twitter:card\" content=\"summary_large_image\" \/>\n<meta name=\"twitter:label1\" content=\"Szacowany czas czytania\" \/>\n\t<meta name=\"twitter:data1\" content=\"2 minuty\" \/>\n<script type=\"application\/ld+json\" class=\"yoast-schema-graph\">{\"@context\":\"https:\\\/\\\/schema.org\",\"@graph\":[{\"@type\":\"WebPage\",\"@id\":\"https:\\\/\\\/formedis.pl\\\/mmc\\\/oferta\\\/doradztwo-dla-samorzadow\\\/analiza-programow-inwestycyjnych\\\/\",\"url\":\"https:\\\/\\\/formedis.pl\\\/mmc\\\/oferta\\\/doradztwo-dla-samorzadow\\\/analiza-programow-inwestycyjnych\\\/\",\"name\":\"Analiza program\u00f3w inwestycyjnych - Formedis Medical Management &amp; Consulting\",\"isPartOf\":{\"@id\":\"https:\\\/\\\/formedis.pl\\\/mmc\\\/#website\"},\"datePublished\":\"2018-08-10T12:13:08+00:00\",\"dateModified\":\"2026-03-15T08:05:53+00:00\",\"description\":\"Analiza program\u00f3w inwestycyjnych w ochronie zdrowia. Oceniamy efektywno\u015b\u0107, zasadno\u015b\u0107 projekt\u00f3w i mo\u017cliwo\u015bci ich realizacji.\",\"breadcrumb\":{\"@id\":\"https:\\\/\\\/formedis.pl\\\/mmc\\\/oferta\\\/doradztwo-dla-samorzadow\\\/analiza-programow-inwestycyjnych\\\/#breadcrumb\"},\"inLanguage\":\"pl-PL\",\"potentialAction\":[{\"@type\":\"ReadAction\",\"target\":[\"https:\\\/\\\/formedis.pl\\\/mmc\\\/oferta\\\/doradztwo-dla-samorzadow\\\/analiza-programow-inwestycyjnych\\\/\"]}]},{\"@type\":\"BreadcrumbList\",\"@id\":\"https:\\\/\\\/formedis.pl\\\/mmc\\\/oferta\\\/doradztwo-dla-samorzadow\\\/analiza-programow-inwestycyjnych\\\/#breadcrumb\",\"itemListElement\":[{\"@type\":\"ListItem\",\"position\":1,\"name\":\"Strona g\u0142\u00f3wna\",\"item\":\"https:\\\/\\\/formedis.pl\\\/mmc\\\/\"},{\"@type\":\"ListItem\",\"position\":2,\"name\":\"Oferta\",\"item\":\"https:\\\/\\\/formedis.pl\\\/mmc\\\/oferta\\\/\"},{\"@type\":\"ListItem\",\"position\":3,\"name\":\"Doradztwo dla samorz\u0105d\u00f3w\",\"item\":\"https:\\\/\\\/formedis.pl\\\/mmc\\\/oferta\\\/doradztwo-dla-samorzadow\\\/\"},{\"@type\":\"ListItem\",\"position\":4,\"name\":\"Analiza program\u00f3w inwestycyjnych\"}]},{\"@type\":\"WebSite\",\"@id\":\"https:\\\/\\\/formedis.pl\\\/mmc\\\/#website\",\"url\":\"https:\\\/\\\/formedis.pl\\\/mmc\\\/\",\"name\":\"Formedis Medical Management &amp; Consulting\",\"description\":\"\",\"potentialAction\":[{\"@type\":\"SearchAction\",\"target\":{\"@type\":\"EntryPoint\",\"urlTemplate\":\"https:\\\/\\\/formedis.pl\\\/mmc\\\/?s={search_term_string}\"},\"query-input\":{\"@type\":\"PropertyValueSpecification\",\"valueRequired\":true,\"valueName\":\"search_term_string\"}}],\"inLanguage\":\"pl-PL\"}]}<\/script>\n<!-- \/ Yoast SEO plugin. -->","yoast_head_json":{"title":"Analiza program\u00f3w inwestycyjnych - Formedis Medical Management &amp; Consulting","description":"Analiza program\u00f3w inwestycyjnych w ochronie zdrowia. Oceniamy efektywno\u015b\u0107, zasadno\u015b\u0107 projekt\u00f3w i mo\u017cliwo\u015bci ich realizacji.","robots":{"index":"index","follow":"follow","max-snippet":"max-snippet:-1","max-image-preview":"max-image-preview:large","max-video-preview":"max-video-preview:-1"},"canonical":"https:\/\/formedis.pl\/mmc\/oferta\/doradztwo-dla-samorzadow\/analiza-programow-inwestycyjnych\/","og_locale":"pl_PL","og_type":"article","og_title":"Analiza program\u00f3w inwestycyjnych - Formedis Medical Management &amp; Consulting","og_description":"Analiza program\u00f3w inwestycyjnych w ochronie zdrowia. Oceniamy efektywno\u015b\u0107, zasadno\u015b\u0107 projekt\u00f3w i mo\u017cliwo\u015bci ich realizacji.","og_url":"https:\/\/formedis.pl\/mmc\/oferta\/doradztwo-dla-samorzadow\/analiza-programow-inwestycyjnych\/","og_site_name":"Formedis Medical Management &amp; Consulting","article_modified_time":"2026-03-15T08:05:53+00:00","twitter_card":"summary_large_image","twitter_misc":{"Szacowany czas czytania":"2 minuty"},"schema":{"@context":"https:\/\/schema.org","@graph":[{"@type":"WebPage","@id":"https:\/\/formedis.pl\/mmc\/oferta\/doradztwo-dla-samorzadow\/analiza-programow-inwestycyjnych\/","url":"https:\/\/formedis.pl\/mmc\/oferta\/doradztwo-dla-samorzadow\/analiza-programow-inwestycyjnych\/","name":"Analiza program\u00f3w inwestycyjnych - Formedis Medical Management &amp; Consulting","isPartOf":{"@id":"https:\/\/formedis.pl\/mmc\/#website"},"datePublished":"2018-08-10T12:13:08+00:00","dateModified":"2026-03-15T08:05:53+00:00","description":"Analiza program\u00f3w inwestycyjnych w ochronie zdrowia. Oceniamy efektywno\u015b\u0107, zasadno\u015b\u0107 projekt\u00f3w i mo\u017cliwo\u015bci ich realizacji.","breadcrumb":{"@id":"https:\/\/formedis.pl\/mmc\/oferta\/doradztwo-dla-samorzadow\/analiza-programow-inwestycyjnych\/#breadcrumb"},"inLanguage":"pl-PL","potentialAction":[{"@type":"ReadAction","target":["https:\/\/formedis.pl\/mmc\/oferta\/doradztwo-dla-samorzadow\/analiza-programow-inwestycyjnych\/"]}]},{"@type":"BreadcrumbList","@id":"https:\/\/formedis.pl\/mmc\/oferta\/doradztwo-dla-samorzadow\/analiza-programow-inwestycyjnych\/#breadcrumb","itemListElement":[{"@type":"ListItem","position":1,"name":"Strona g\u0142\u00f3wna","item":"https:\/\/formedis.pl\/mmc\/"},{"@type":"ListItem","position":2,"name":"Oferta","item":"https:\/\/formedis.pl\/mmc\/oferta\/"},{"@type":"ListItem","position":3,"name":"Doradztwo dla samorz\u0105d\u00f3w","item":"https:\/\/formedis.pl\/mmc\/oferta\/doradztwo-dla-samorzadow\/"},{"@type":"ListItem","position":4,"name":"Analiza program\u00f3w inwestycyjnych"}]},{"@type":"WebSite","@id":"https:\/\/formedis.pl\/mmc\/#website","url":"https:\/\/formedis.pl\/mmc\/","name":"Formedis Medical Management &amp; Consulting","description":"","potentialAction":[{"@type":"SearchAction","target":{"@type":"EntryPoint","urlTemplate":"https:\/\/formedis.pl\/mmc\/?s={search_term_string}"},"query-input":{"@type":"PropertyValueSpecification","valueRequired":true,"valueName":"search_term_string"}}],"inLanguage":"pl-PL"}]}},"_links":{"self":[{"href":"https:\/\/formedis.pl\/mmc\/wp-json\/wp\/v2\/pages\/3054","targetHints":{"allow":["GET"]}}],"collection":[{"href":"https:\/\/formedis.pl\/mmc\/wp-json\/wp\/v2\/pages"}],"about":[{"href":"https:\/\/formedis.pl\/mmc\/wp-json\/wp\/v2\/types\/page"}],"author":[{"embeddable":true,"href":"https:\/\/formedis.pl\/mmc\/wp-json\/wp\/v2\/users\/1"}],"replies":[{"embeddable":true,"href":"https:\/\/formedis.pl\/mmc\/wp-json\/wp\/v2\/comments?post=3054"}],"version-history":[{"count":6,"href":"https:\/\/formedis.pl\/mmc\/wp-json\/wp\/v2\/pages\/3054\/revisions"}],"predecessor-version":[{"id":6980,"href":"https:\/\/formedis.pl\/mmc\/wp-json\/wp\/v2\/pages\/3054\/revisions\/6980"}],"up":[{"embeddable":true,"href":"https:\/\/formedis.pl\/mmc\/wp-json\/wp\/v2\/pages\/3050"}],"wp:featuredmedia":[{"embeddable":true,"href":"https:\/\/formedis.pl\/mmc\/wp-json\/"}],"wp:attachment":[{"href":"https:\/\/formedis.pl\/mmc\/wp-json\/wp\/v2\/media?parent=3054"}],"curies":[{"name":"wp","href":"https:\/\/api.w.org\/{rel}","templated":true}]}}