{"id":3052,"date":"2018-08-10T14:05:24","date_gmt":"2018-08-10T12:05:24","guid":{"rendered":"http:\/\/formedis.pl\/?page_id=3052"},"modified":"2025-08-28T12:19:18","modified_gmt":"2025-08-28T10:19:18","slug":"nadzor-nad-podmiotami-leczniczymi","status":"publish","type":"page","link":"https:\/\/formedis.pl\/mmc\/oferta\/doradztwo-dla-samorzadow\/nadzor-nad-podmiotami-leczniczymi\/","title":{"rendered":"Nadz\u00f3r nad dzia\u0142alno\u015bci\u0105 medyczn\u0105"},"content":{"rendered":"<p style=\"text-align: justify;\">Zgodnie z ustaw\u0105 o dzia\u0142alno\u015bci leczniczej podmiot tworz\u0105cy (np. Wojew\u00f3dztwo, Powiat b\u0105d\u017a Miasto) sprawuje nadz\u00f3r nad zgodno\u015bci\u0105 dzia\u0142a\u0144 SP ZOZ z przepisami prawa, statutem i regulaminem organizacyjnym oraz pod wzgl\u0119dem celowo\u015bci, gospodarno\u015bci i rzetelno\u015bci. W ramach nadzoru podmiot tworz\u0105cy mo\u017ce \u017c\u0105da\u0107 informacji, wyja\u015bnie\u0144 oraz dokument\u00f3w od organ\u00f3w podmiotu leczniczego oraz dokonuje kontroli i oceny dzia\u0142alno\u015bci tego podmiotu. Zgodnie z art. 121 wspomnianej ustawy kontrola i ocena obejmuj\u0105 w szczeg\u00f3lno\u015bci: realizacj\u0119 zada\u0144 okre\u015blonych w regulaminie organizacyjnym i statucie, dost\u0119pno\u015b\u0107 i jako\u015b\u0107 udzielanych \u015bwiadcze\u0144 zdrowotnych; prawid\u0142owo\u015b\u0107 gospodarowania mieniem oraz \u015brodkami publicznymi oraz gospodark\u0119 finansow\u0105. Ukszta\u0142towana praktyka stanowi, i\u017c organ wykonawczy podmiotu tworz\u0105cego (np. Zarz\u0105d Wojew\u00f3dztwa, Powiatu) jest uprawniony do przeprowadzenia kontroli podmiotu leczniczego (przy wsparciu merytorycznym pracownik\u00f3w Urz\u0119du b\u0105d\u017a firmy zewn\u0119trznej np. FORMEDIS Medical Managment &amp; Consulting) oraz powinien zapewni\u0107 bie\u017c\u0105cy, kompleksowy nadz\u00f3r nad funkcjonowaniem podmiotu leczniczego.<\/p>\n","protected":false},"excerpt":{"rendered":"<p>Zgodnie z ustaw\u0105 o dzia\u0142alno\u015bci leczniczej podmiot tworz\u0105cy (np. Wojew\u00f3dztwo, Powiat b\u0105d\u017a Miasto) sprawuje nadz\u00f3r nad zgodno\u015bci\u0105 dzia\u0142a\u0144 SP ZOZ z przepisami prawa, statutem i regulaminem<span class=\"excerpt-hellip\"> [\u2026]<\/span><\/p>\n","protected":false},"author":1,"featured_media":0,"parent":3050,"menu_order":0,"comment_status":"closed","ping_status":"closed","template":"","meta":{"footnotes":""},"class_list":["post-3052","page","type-page","status-publish","hentry"],"yoast_head":"<!-- This site is optimized with the Yoast SEO plugin v27.4 - https:\/\/yoast.com\/product\/yoast-seo-wordpress\/ -->\n<title>Nadz\u00f3r nad Dzia\u0142alno\u015bci\u0105 Medyczn\u0105, Lecznicz\u0105. Nadz\u00f3r Szpitala \u2013 Formedis<\/title>\n<meta name=\"description\" content=\"Formedis Medical Management &amp; Consulting \u27a4 Skorzystaj z naszego doradztwa dla samorz\u0105d\u00f3w w zakresie nadzoru nad podmiotami leczniczymi \u2714 Sprawd\u017a!\" \/>\n<meta name=\"robots\" content=\"index, follow, max-snippet:-1, max-image-preview:large, max-video-preview:-1\" \/>\n<link rel=\"canonical\" href=\"https:\/\/formedis.pl\/mmc\/oferta\/doradztwo-dla-samorzadow\/nadzor-nad-podmiotami-leczniczymi\/\" \/>\n<meta property=\"og:locale\" content=\"pl_PL\" \/>\n<meta property=\"og:type\" content=\"article\" \/>\n<meta property=\"og:title\" content=\"Nadz\u00f3r nad Dzia\u0142alno\u015bci\u0105 Medyczn\u0105, Lecznicz\u0105. Nadz\u00f3r Szpitala \u2013 Formedis\" \/>\n<meta property=\"og:description\" content=\"Formedis Medical Management &amp; Consulting \u27a4 Skorzystaj z naszego doradztwa dla samorz\u0105d\u00f3w w zakresie nadzoru nad podmiotami leczniczymi \u2714 Sprawd\u017a!\" \/>\n<meta property=\"og:url\" content=\"https:\/\/formedis.pl\/mmc\/oferta\/doradztwo-dla-samorzadow\/nadzor-nad-podmiotami-leczniczymi\/\" \/>\n<meta property=\"og:site_name\" content=\"Formedis Medical Management &amp; Consulting\" \/>\n<meta property=\"article:modified_time\" content=\"2025-08-28T10:19:18+00:00\" \/>\n<meta name=\"twitter:card\" content=\"summary_large_image\" \/>\n<meta name=\"twitter:label1\" content=\"Szacowany czas czytania\" \/>\n\t<meta name=\"twitter:data1\" content=\"1 minuta\" \/>\n<script type=\"application\/ld+json\" class=\"yoast-schema-graph\">{\"@context\":\"https:\\\/\\\/schema.org\",\"@graph\":[{\"@type\":\"WebPage\",\"@id\":\"https:\\\/\\\/formedis.pl\\\/mmc\\\/oferta\\\/doradztwo-dla-samorzadow\\\/nadzor-nad-podmiotami-leczniczymi\\\/\",\"url\":\"https:\\\/\\\/formedis.pl\\\/mmc\\\/oferta\\\/doradztwo-dla-samorzadow\\\/nadzor-nad-podmiotami-leczniczymi\\\/\",\"name\":\"Nadz\u00f3r nad Dzia\u0142alno\u015bci\u0105 Medyczn\u0105, Lecznicz\u0105. Nadz\u00f3r Szpitala \u2013 Formedis\",\"isPartOf\":{\"@id\":\"https:\\\/\\\/formedis.pl\\\/mmc\\\/#website\"},\"datePublished\":\"2018-08-10T12:05:24+00:00\",\"dateModified\":\"2025-08-28T10:19:18+00:00\",\"description\":\"Formedis Medical Management & Consulting \u27a4 Skorzystaj z naszego doradztwa dla samorz\u0105d\u00f3w w zakresie nadzoru nad podmiotami leczniczymi \u2714 Sprawd\u017a!\",\"breadcrumb\":{\"@id\":\"https:\\\/\\\/formedis.pl\\\/mmc\\\/oferta\\\/doradztwo-dla-samorzadow\\\/nadzor-nad-podmiotami-leczniczymi\\\/#breadcrumb\"},\"inLanguage\":\"pl-PL\",\"potentialAction\":[{\"@type\":\"ReadAction\",\"target\":[\"https:\\\/\\\/formedis.pl\\\/mmc\\\/oferta\\\/doradztwo-dla-samorzadow\\\/nadzor-nad-podmiotami-leczniczymi\\\/\"]}]},{\"@type\":\"BreadcrumbList\",\"@id\":\"https:\\\/\\\/formedis.pl\\\/mmc\\\/oferta\\\/doradztwo-dla-samorzadow\\\/nadzor-nad-podmiotami-leczniczymi\\\/#breadcrumb\",\"itemListElement\":[{\"@type\":\"ListItem\",\"position\":1,\"name\":\"Strona g\u0142\u00f3wna\",\"item\":\"https:\\\/\\\/formedis.pl\\\/mmc\\\/\"},{\"@type\":\"ListItem\",\"position\":2,\"name\":\"Oferta\",\"item\":\"https:\\\/\\\/formedis.pl\\\/mmc\\\/oferta\\\/\"},{\"@type\":\"ListItem\",\"position\":3,\"name\":\"Doradztwo dla samorz\u0105d\u00f3w\",\"item\":\"https:\\\/\\\/formedis.pl\\\/mmc\\\/oferta\\\/doradztwo-dla-samorzadow\\\/\"},{\"@type\":\"ListItem\",\"position\":4,\"name\":\"Nadz\u00f3r nad dzia\u0142alno\u015bci\u0105 medyczn\u0105\"}]},{\"@type\":\"WebSite\",\"@id\":\"https:\\\/\\\/formedis.pl\\\/mmc\\\/#website\",\"url\":\"https:\\\/\\\/formedis.pl\\\/mmc\\\/\",\"name\":\"Formedis Medical Management &amp; Consulting\",\"description\":\"\",\"potentialAction\":[{\"@type\":\"SearchAction\",\"target\":{\"@type\":\"EntryPoint\",\"urlTemplate\":\"https:\\\/\\\/formedis.pl\\\/mmc\\\/?s={search_term_string}\"},\"query-input\":{\"@type\":\"PropertyValueSpecification\",\"valueRequired\":true,\"valueName\":\"search_term_string\"}}],\"inLanguage\":\"pl-PL\"}]}<\/script>\n<!-- \/ Yoast SEO plugin. -->","yoast_head_json":{"title":"Nadz\u00f3r nad Dzia\u0142alno\u015bci\u0105 Medyczn\u0105, Lecznicz\u0105. Nadz\u00f3r Szpitala \u2013 Formedis","description":"Formedis Medical Management & Consulting \u27a4 Skorzystaj z naszego doradztwa dla samorz\u0105d\u00f3w w zakresie nadzoru nad podmiotami leczniczymi \u2714 Sprawd\u017a!","robots":{"index":"index","follow":"follow","max-snippet":"max-snippet:-1","max-image-preview":"max-image-preview:large","max-video-preview":"max-video-preview:-1"},"canonical":"https:\/\/formedis.pl\/mmc\/oferta\/doradztwo-dla-samorzadow\/nadzor-nad-podmiotami-leczniczymi\/","og_locale":"pl_PL","og_type":"article","og_title":"Nadz\u00f3r nad Dzia\u0142alno\u015bci\u0105 Medyczn\u0105, Lecznicz\u0105. Nadz\u00f3r Szpitala \u2013 Formedis","og_description":"Formedis Medical Management & Consulting \u27a4 Skorzystaj z naszego doradztwa dla samorz\u0105d\u00f3w w zakresie nadzoru nad podmiotami leczniczymi \u2714 Sprawd\u017a!","og_url":"https:\/\/formedis.pl\/mmc\/oferta\/doradztwo-dla-samorzadow\/nadzor-nad-podmiotami-leczniczymi\/","og_site_name":"Formedis Medical Management &amp; Consulting","article_modified_time":"2025-08-28T10:19:18+00:00","twitter_card":"summary_large_image","twitter_misc":{"Szacowany czas czytania":"1 minuta"},"schema":{"@context":"https:\/\/schema.org","@graph":[{"@type":"WebPage","@id":"https:\/\/formedis.pl\/mmc\/oferta\/doradztwo-dla-samorzadow\/nadzor-nad-podmiotami-leczniczymi\/","url":"https:\/\/formedis.pl\/mmc\/oferta\/doradztwo-dla-samorzadow\/nadzor-nad-podmiotami-leczniczymi\/","name":"Nadz\u00f3r nad Dzia\u0142alno\u015bci\u0105 Medyczn\u0105, Lecznicz\u0105. Nadz\u00f3r Szpitala \u2013 Formedis","isPartOf":{"@id":"https:\/\/formedis.pl\/mmc\/#website"},"datePublished":"2018-08-10T12:05:24+00:00","dateModified":"2025-08-28T10:19:18+00:00","description":"Formedis Medical Management & Consulting \u27a4 Skorzystaj z naszego doradztwa dla samorz\u0105d\u00f3w w zakresie nadzoru nad podmiotami leczniczymi \u2714 Sprawd\u017a!","breadcrumb":{"@id":"https:\/\/formedis.pl\/mmc\/oferta\/doradztwo-dla-samorzadow\/nadzor-nad-podmiotami-leczniczymi\/#breadcrumb"},"inLanguage":"pl-PL","potentialAction":[{"@type":"ReadAction","target":["https:\/\/formedis.pl\/mmc\/oferta\/doradztwo-dla-samorzadow\/nadzor-nad-podmiotami-leczniczymi\/"]}]},{"@type":"BreadcrumbList","@id":"https:\/\/formedis.pl\/mmc\/oferta\/doradztwo-dla-samorzadow\/nadzor-nad-podmiotami-leczniczymi\/#breadcrumb","itemListElement":[{"@type":"ListItem","position":1,"name":"Strona g\u0142\u00f3wna","item":"https:\/\/formedis.pl\/mmc\/"},{"@type":"ListItem","position":2,"name":"Oferta","item":"https:\/\/formedis.pl\/mmc\/oferta\/"},{"@type":"ListItem","position":3,"name":"Doradztwo dla samorz\u0105d\u00f3w","item":"https:\/\/formedis.pl\/mmc\/oferta\/doradztwo-dla-samorzadow\/"},{"@type":"ListItem","position":4,"name":"Nadz\u00f3r nad dzia\u0142alno\u015bci\u0105 medyczn\u0105"}]},{"@type":"WebSite","@id":"https:\/\/formedis.pl\/mmc\/#website","url":"https:\/\/formedis.pl\/mmc\/","name":"Formedis Medical Management &amp; Consulting","description":"","potentialAction":[{"@type":"SearchAction","target":{"@type":"EntryPoint","urlTemplate":"https:\/\/formedis.pl\/mmc\/?s={search_term_string}"},"query-input":{"@type":"PropertyValueSpecification","valueRequired":true,"valueName":"search_term_string"}}],"inLanguage":"pl-PL"}]}},"_links":{"self":[{"href":"https:\/\/formedis.pl\/mmc\/wp-json\/wp\/v2\/pages\/3052","targetHints":{"allow":["GET"]}}],"collection":[{"href":"https:\/\/formedis.pl\/mmc\/wp-json\/wp\/v2\/pages"}],"about":[{"href":"https:\/\/formedis.pl\/mmc\/wp-json\/wp\/v2\/types\/page"}],"author":[{"embeddable":true,"href":"https:\/\/formedis.pl\/mmc\/wp-json\/wp\/v2\/users\/1"}],"replies":[{"embeddable":true,"href":"https:\/\/formedis.pl\/mmc\/wp-json\/wp\/v2\/comments?post=3052"}],"version-history":[{"count":4,"href":"https:\/\/formedis.pl\/mmc\/wp-json\/wp\/v2\/pages\/3052\/revisions"}],"predecessor-version":[{"id":5911,"href":"https:\/\/formedis.pl\/mmc\/wp-json\/wp\/v2\/pages\/3052\/revisions\/5911"}],"up":[{"embeddable":true,"href":"https:\/\/formedis.pl\/mmc\/wp-json\/wp\/v2\/pages\/3050"}],"wp:attachment":[{"href":"https:\/\/formedis.pl\/mmc\/wp-json\/wp\/v2\/media?parent=3052"}],"curies":[{"name":"wp","href":"https:\/\/api.w.org\/{rel}","templated":true}]}}