{"id":5434,"date":"2023-02-02T11:12:07","date_gmt":"2023-02-02T10:12:07","guid":{"rendered":"https:\/\/formedis.pl\/hta\/?page_id=5434"},"modified":"2023-03-16T12:47:38","modified_gmt":"2023-03-16T11:47:38","slug":"rejestry-zgodne-z-good-registry-practice-grp","status":"publish","type":"page","link":"https:\/\/formedis.pl\/hta\/oferta\/doradztwo-strategiczne-2\/rejestry-zgodne-z-good-registry-practice-grp\/","title":{"rendered":"Rejestry zgodne z Good Registry Practice (GRP)"},"content":{"rendered":"<p>Wyniki przeprowadzonych bada\u0144 mog\u0105 by\u0107 pomocne w ocenie nowych technologii terapeutycznych, ich wprowadzenia na rynek, a tak\u017ce wnioskowaniu o refundacj\u0119 w obecnym systemie ochrony zdrowia.<\/p>\n","protected":false},"excerpt":{"rendered":"<p>Wyniki przeprowadzonych bada\u0144 mog\u0105 by\u0107 pomocne w ocenie nowych technologii terapeutycznych, ich wprowadzenia na rynek, a tak\u017ce wnioskowaniu o refundacj\u0119 w obecnym systemie ochrony zdrowia.<\/p>\n","protected":false},"author":1,"featured_media":0,"parent":4688,"menu_order":0,"comment_status":"closed","ping_status":"closed","template":"","meta":{"footnotes":""},"class_list":["post-5434","page","type-page","status-publish","hentry"],"yoast_head":"<!-- This site is optimized with the Yoast SEO plugin v27.3 - https:\/\/yoast.com\/product\/yoast-seo-wordpress\/ -->\n<title>Rejestry zgodne z Good Registry Practice (GRP) - Formedis HTA<\/title>\n<meta name=\"robots\" content=\"index, follow, max-snippet:-1, max-image-preview:large, max-video-preview:-1\" \/>\n<link rel=\"canonical\" href=\"https:\/\/formedis.pl\/hta\/oferta\/doradztwo-strategiczne-2\/rejestry-zgodne-z-good-registry-practice-grp\/\" \/>\n<meta property=\"og:locale\" content=\"pl_PL\" \/>\n<meta property=\"og:type\" content=\"article\" \/>\n<meta property=\"og:title\" content=\"Rejestry zgodne z Good Registry Practice (GRP) - Formedis HTA\" \/>\n<meta property=\"og:description\" content=\"Wyniki przeprowadzonych bada\u0144 mog\u0105 by\u0107 pomocne w ocenie nowych technologii terapeutycznych, ich wprowadzenia na rynek, a tak\u017ce wnioskowaniu o refundacj\u0119 w obecnym systemie ochrony zdrowia.\" \/>\n<meta property=\"og:url\" content=\"https:\/\/formedis.pl\/hta\/oferta\/doradztwo-strategiczne-2\/rejestry-zgodne-z-good-registry-practice-grp\/\" \/>\n<meta property=\"og:site_name\" content=\"Formedis HTA\" \/>\n<meta property=\"article:modified_time\" content=\"2023-03-16T11:47:38+00:00\" \/>\n<meta name=\"twitter:card\" content=\"summary_large_image\" \/>\n<meta name=\"twitter:label1\" content=\"Szacowany czas czytania\" \/>\n\t<meta name=\"twitter:data1\" content=\"1 minuta\" \/>\n<script type=\"application\/ld+json\" class=\"yoast-schema-graph\">{\"@context\":\"https:\\\/\\\/schema.org\",\"@graph\":[{\"@type\":\"WebPage\",\"@id\":\"https:\\\/\\\/formedis.pl\\\/hta\\\/oferta\\\/doradztwo-strategiczne-2\\\/rejestry-zgodne-z-good-registry-practice-grp\\\/\",\"url\":\"https:\\\/\\\/formedis.pl\\\/hta\\\/oferta\\\/doradztwo-strategiczne-2\\\/rejestry-zgodne-z-good-registry-practice-grp\\\/\",\"name\":\"Rejestry zgodne z Good Registry Practice (GRP) - Formedis HTA\",\"isPartOf\":{\"@id\":\"https:\\\/\\\/formedis.pl\\\/hta\\\/#website\"},\"datePublished\":\"2023-02-02T10:12:07+00:00\",\"dateModified\":\"2023-03-16T11:47:38+00:00\",\"breadcrumb\":{\"@id\":\"https:\\\/\\\/formedis.pl\\\/hta\\\/oferta\\\/doradztwo-strategiczne-2\\\/rejestry-zgodne-z-good-registry-practice-grp\\\/#breadcrumb\"},\"inLanguage\":\"pl-PL\",\"potentialAction\":[{\"@type\":\"ReadAction\",\"target\":[\"https:\\\/\\\/formedis.pl\\\/hta\\\/oferta\\\/doradztwo-strategiczne-2\\\/rejestry-zgodne-z-good-registry-practice-grp\\\/\"]}]},{\"@type\":\"BreadcrumbList\",\"@id\":\"https:\\\/\\\/formedis.pl\\\/hta\\\/oferta\\\/doradztwo-strategiczne-2\\\/rejestry-zgodne-z-good-registry-practice-grp\\\/#breadcrumb\",\"itemListElement\":[{\"@type\":\"ListItem\",\"position\":1,\"name\":\"Strona g\u0142\u00f3wna\",\"item\":\"https:\\\/\\\/formedis.pl\\\/hta\\\/\"},{\"@type\":\"ListItem\",\"position\":2,\"name\":\"Oferta\",\"item\":\"https:\\\/\\\/formedis.pl\\\/hta\\\/oferta\\\/\"},{\"@type\":\"ListItem\",\"position\":3,\"name\":\"Doradztwo strategiczne\",\"item\":\"https:\\\/\\\/formedis.pl\\\/hta\\\/oferta\\\/doradztwo-strategiczne-2\\\/\"},{\"@type\":\"ListItem\",\"position\":4,\"name\":\"Rejestry zgodne z Good Registry Practice (GRP)\"}]},{\"@type\":\"WebSite\",\"@id\":\"https:\\\/\\\/formedis.pl\\\/hta\\\/#website\",\"url\":\"https:\\\/\\\/formedis.pl\\\/hta\\\/\",\"name\":\"Formedis HTA\",\"description\":\"\",\"potentialAction\":[{\"@type\":\"SearchAction\",\"target\":{\"@type\":\"EntryPoint\",\"urlTemplate\":\"https:\\\/\\\/formedis.pl\\\/hta\\\/?s={search_term_string}\"},\"query-input\":{\"@type\":\"PropertyValueSpecification\",\"valueRequired\":true,\"valueName\":\"search_term_string\"}}],\"inLanguage\":\"pl-PL\"}]}<\/script>\n<!-- \/ Yoast SEO plugin. -->","yoast_head_json":{"title":"Rejestry zgodne z Good Registry Practice (GRP) - Formedis HTA","robots":{"index":"index","follow":"follow","max-snippet":"max-snippet:-1","max-image-preview":"max-image-preview:large","max-video-preview":"max-video-preview:-1"},"canonical":"https:\/\/formedis.pl\/hta\/oferta\/doradztwo-strategiczne-2\/rejestry-zgodne-z-good-registry-practice-grp\/","og_locale":"pl_PL","og_type":"article","og_title":"Rejestry zgodne z Good Registry Practice (GRP) - Formedis HTA","og_description":"Wyniki przeprowadzonych bada\u0144 mog\u0105 by\u0107 pomocne w ocenie nowych technologii terapeutycznych, ich wprowadzenia na rynek, a tak\u017ce wnioskowaniu o refundacj\u0119 w obecnym systemie ochrony zdrowia.","og_url":"https:\/\/formedis.pl\/hta\/oferta\/doradztwo-strategiczne-2\/rejestry-zgodne-z-good-registry-practice-grp\/","og_site_name":"Formedis HTA","article_modified_time":"2023-03-16T11:47:38+00:00","twitter_card":"summary_large_image","twitter_misc":{"Szacowany czas czytania":"1 minuta"},"schema":{"@context":"https:\/\/schema.org","@graph":[{"@type":"WebPage","@id":"https:\/\/formedis.pl\/hta\/oferta\/doradztwo-strategiczne-2\/rejestry-zgodne-z-good-registry-practice-grp\/","url":"https:\/\/formedis.pl\/hta\/oferta\/doradztwo-strategiczne-2\/rejestry-zgodne-z-good-registry-practice-grp\/","name":"Rejestry zgodne z Good Registry Practice (GRP) - Formedis HTA","isPartOf":{"@id":"https:\/\/formedis.pl\/hta\/#website"},"datePublished":"2023-02-02T10:12:07+00:00","dateModified":"2023-03-16T11:47:38+00:00","breadcrumb":{"@id":"https:\/\/formedis.pl\/hta\/oferta\/doradztwo-strategiczne-2\/rejestry-zgodne-z-good-registry-practice-grp\/#breadcrumb"},"inLanguage":"pl-PL","potentialAction":[{"@type":"ReadAction","target":["https:\/\/formedis.pl\/hta\/oferta\/doradztwo-strategiczne-2\/rejestry-zgodne-z-good-registry-practice-grp\/"]}]},{"@type":"BreadcrumbList","@id":"https:\/\/formedis.pl\/hta\/oferta\/doradztwo-strategiczne-2\/rejestry-zgodne-z-good-registry-practice-grp\/#breadcrumb","itemListElement":[{"@type":"ListItem","position":1,"name":"Strona g\u0142\u00f3wna","item":"https:\/\/formedis.pl\/hta\/"},{"@type":"ListItem","position":2,"name":"Oferta","item":"https:\/\/formedis.pl\/hta\/oferta\/"},{"@type":"ListItem","position":3,"name":"Doradztwo strategiczne","item":"https:\/\/formedis.pl\/hta\/oferta\/doradztwo-strategiczne-2\/"},{"@type":"ListItem","position":4,"name":"Rejestry zgodne z Good Registry Practice (GRP)"}]},{"@type":"WebSite","@id":"https:\/\/formedis.pl\/hta\/#website","url":"https:\/\/formedis.pl\/hta\/","name":"Formedis HTA","description":"","potentialAction":[{"@type":"SearchAction","target":{"@type":"EntryPoint","urlTemplate":"https:\/\/formedis.pl\/hta\/?s={search_term_string}"},"query-input":{"@type":"PropertyValueSpecification","valueRequired":true,"valueName":"search_term_string"}}],"inLanguage":"pl-PL"}]}},"_links":{"self":[{"href":"https:\/\/formedis.pl\/hta\/wp-json\/wp\/v2\/pages\/5434","targetHints":{"allow":["GET"]}}],"collection":[{"href":"https:\/\/formedis.pl\/hta\/wp-json\/wp\/v2\/pages"}],"about":[{"href":"https:\/\/formedis.pl\/hta\/wp-json\/wp\/v2\/types\/page"}],"author":[{"embeddable":true,"href":"https:\/\/formedis.pl\/hta\/wp-json\/wp\/v2\/users\/1"}],"replies":[{"embeddable":true,"href":"https:\/\/formedis.pl\/hta\/wp-json\/wp\/v2\/comments?post=5434"}],"version-history":[{"count":2,"href":"https:\/\/formedis.pl\/hta\/wp-json\/wp\/v2\/pages\/5434\/revisions"}],"predecessor-version":[{"id":5519,"href":"https:\/\/formedis.pl\/hta\/wp-json\/wp\/v2\/pages\/5434\/revisions\/5519"}],"up":[{"embeddable":true,"href":"https:\/\/formedis.pl\/hta\/wp-json\/wp\/v2\/pages\/4688"}],"wp:attachment":[{"href":"https:\/\/formedis.pl\/hta\/wp-json\/wp\/v2\/media?parent=5434"}],"curies":[{"name":"wp","href":"https:\/\/api.w.org\/{rel}","templated":true}]}}