{"id":5424,"date":"2023-02-02T11:10:17","date_gmt":"2023-02-02T10:10:17","guid":{"rendered":"https:\/\/formedis.pl\/hta\/?page_id=5424"},"modified":"2026-04-12T14:27:05","modified_gmt":"2026-04-12T12:27:05","slug":"instrumenty-dzielenia-ryzyka","status":"publish","type":"page","link":"https:\/\/formedis.pl\/hta\/oferta\/doradztwo-strategiczne-2\/instrumenty-dzielenia-ryzyka\/","title":{"rendered":"Instrumenty dzielenia ryzyka"},"content":{"rendered":"<p>(ang. risk sharing agreements, RSA)<\/p>\n<p>RSA jest to metoda wprowadzenia nowych technologii medycznych (g\u0142\u00f3wnie lek\u00f3w) do systemu refundacyjnego w Polsce. Schematy podzia\u0142u ryzyka mo\u017cna uwzgl\u0119dni\u0107 w analizach ekonomicznych i analizach wp\u0142ywu na bud\u017cet p\u0142atnika. Skonstruowanie modelu pozwala na zarysowanie schematu biznesowego w taki spos\u00f3b, aby finansowanie technologii medycznej zawiera\u0142o si\u0119 w granicach op\u0142acalno\u015bci, obecnie jest to trzykrotno\u015b\u0107 PKB na mieszka\u0144ca.<\/p>\n<p>G\u0142\u00f3wn\u0105 zalet\u0105 RSA jest zale\u017cno\u015b\u0107, w kt\u00f3rej p\u0142atnik finansuje now\u0105 technologi\u0119 medyczn\u0105 jedynie wtedy, gdy efekt zdrowotny jest wystarczaj\u0105cy.<\/p>\n","protected":false},"excerpt":{"rendered":"<p>(ang. risk sharing agreements, RSA) RSA jest to metoda wprowadzenia nowych technologii medycznych (g\u0142\u00f3wnie lek\u00f3w) do systemu refundacyjnego w Polsce. Schematy podzia\u0142u ryzyka mo\u017cna uwzgl\u0119dni\u0107 w<span class=\"excerpt-hellip\"> [\u2026]<\/span><\/p>\n","protected":false},"author":1,"featured_media":-1,"parent":4688,"menu_order":0,"comment_status":"closed","ping_status":"closed","template":"","meta":{"footnotes":""},"class_list":["post-5424","page","type-page","status-publish","has-post-thumbnail","hentry"],"yoast_head":"<!-- This site is optimized with the Yoast SEO plugin v27.4 - https:\/\/yoast.com\/product\/yoast-seo-wordpress\/ -->\n<title>Instrumenty Dzielenia Ryzyka (RSA) - Doradztwo - Formedis HTA<\/title>\n<meta name=\"description\" content=\"Zaprojektujemy i wdro\u017cymy optymalne instrumenty dzielenia ryzyka (RSA) dla Twoich produkt\u00f3w. Poznaj ofert\u0119 doradztwa strategicznego Formedis w ochronie zdrowia.\" \/>\n<meta name=\"robots\" content=\"index, follow, max-snippet:-1, max-image-preview:large, max-video-preview:-1\" \/>\n<link rel=\"canonical\" href=\"https:\/\/formedis.pl\/hta\/oferta\/doradztwo-strategiczne-2\/instrumenty-dzielenia-ryzyka\/\" \/>\n<meta property=\"og:locale\" content=\"pl_PL\" \/>\n<meta property=\"og:type\" content=\"article\" \/>\n<meta property=\"og:title\" content=\"Instrumenty Dzielenia Ryzyka (RSA) - Doradztwo - Formedis HTA\" \/>\n<meta property=\"og:description\" content=\"Zaprojektujemy i wdro\u017cymy optymalne instrumenty dzielenia ryzyka (RSA) dla Twoich produkt\u00f3w. Poznaj ofert\u0119 doradztwa strategicznego Formedis w ochronie zdrowia.\" \/>\n<meta property=\"og:url\" content=\"https:\/\/formedis.pl\/hta\/oferta\/doradztwo-strategiczne-2\/instrumenty-dzielenia-ryzyka\/\" \/>\n<meta property=\"og:site_name\" content=\"Formedis HTA\" \/>\n<meta property=\"article:modified_time\" content=\"2026-04-12T12:27:05+00:00\" \/>\n<meta name=\"twitter:card\" content=\"summary_large_image\" \/>\n<meta name=\"twitter:label1\" content=\"Szacowany czas czytania\" \/>\n\t<meta name=\"twitter:data1\" content=\"1 minuta\" \/>\n<script type=\"application\/ld+json\" class=\"yoast-schema-graph\">{\"@context\":\"https:\\\/\\\/schema.org\",\"@graph\":[{\"@type\":\"WebPage\",\"@id\":\"https:\\\/\\\/formedis.pl\\\/hta\\\/oferta\\\/doradztwo-strategiczne-2\\\/instrumenty-dzielenia-ryzyka\\\/\",\"url\":\"https:\\\/\\\/formedis.pl\\\/hta\\\/oferta\\\/doradztwo-strategiczne-2\\\/instrumenty-dzielenia-ryzyka\\\/\",\"name\":\"Instrumenty Dzielenia Ryzyka (RSA) - Doradztwo - Formedis HTA\",\"isPartOf\":{\"@id\":\"https:\\\/\\\/formedis.pl\\\/hta\\\/#website\"},\"datePublished\":\"2023-02-02T10:10:17+00:00\",\"dateModified\":\"2026-04-12T12:27:05+00:00\",\"description\":\"Zaprojektujemy i wdro\u017cymy optymalne instrumenty dzielenia ryzyka (RSA) dla Twoich produkt\u00f3w. Poznaj ofert\u0119 doradztwa strategicznego Formedis w ochronie zdrowia.\",\"breadcrumb\":{\"@id\":\"https:\\\/\\\/formedis.pl\\\/hta\\\/oferta\\\/doradztwo-strategiczne-2\\\/instrumenty-dzielenia-ryzyka\\\/#breadcrumb\"},\"inLanguage\":\"pl-PL\",\"potentialAction\":[{\"@type\":\"ReadAction\",\"target\":[\"https:\\\/\\\/formedis.pl\\\/hta\\\/oferta\\\/doradztwo-strategiczne-2\\\/instrumenty-dzielenia-ryzyka\\\/\"]}]},{\"@type\":\"BreadcrumbList\",\"@id\":\"https:\\\/\\\/formedis.pl\\\/hta\\\/oferta\\\/doradztwo-strategiczne-2\\\/instrumenty-dzielenia-ryzyka\\\/#breadcrumb\",\"itemListElement\":[{\"@type\":\"ListItem\",\"position\":1,\"name\":\"Strona g\u0142\u00f3wna\",\"item\":\"https:\\\/\\\/formedis.pl\\\/hta\\\/\"},{\"@type\":\"ListItem\",\"position\":2,\"name\":\"Oferta\",\"item\":\"https:\\\/\\\/formedis.pl\\\/hta\\\/oferta\\\/\"},{\"@type\":\"ListItem\",\"position\":3,\"name\":\"Doradztwo strategiczne\",\"item\":\"https:\\\/\\\/formedis.pl\\\/hta\\\/oferta\\\/doradztwo-strategiczne-2\\\/\"},{\"@type\":\"ListItem\",\"position\":4,\"name\":\"Instrumenty dzielenia ryzyka\"}]},{\"@type\":\"WebSite\",\"@id\":\"https:\\\/\\\/formedis.pl\\\/hta\\\/#website\",\"url\":\"https:\\\/\\\/formedis.pl\\\/hta\\\/\",\"name\":\"Formedis HTA\",\"description\":\"\",\"potentialAction\":[{\"@type\":\"SearchAction\",\"target\":{\"@type\":\"EntryPoint\",\"urlTemplate\":\"https:\\\/\\\/formedis.pl\\\/hta\\\/?s={search_term_string}\"},\"query-input\":{\"@type\":\"PropertyValueSpecification\",\"valueRequired\":true,\"valueName\":\"search_term_string\"}}],\"inLanguage\":\"pl-PL\"}]}<\/script>\n<!-- \/ Yoast SEO plugin. -->","yoast_head_json":{"title":"Instrumenty Dzielenia Ryzyka (RSA) - Doradztwo - Formedis HTA","description":"Zaprojektujemy i wdro\u017cymy optymalne instrumenty dzielenia ryzyka (RSA) dla Twoich produkt\u00f3w. Poznaj ofert\u0119 doradztwa strategicznego Formedis w ochronie zdrowia.","robots":{"index":"index","follow":"follow","max-snippet":"max-snippet:-1","max-image-preview":"max-image-preview:large","max-video-preview":"max-video-preview:-1"},"canonical":"https:\/\/formedis.pl\/hta\/oferta\/doradztwo-strategiczne-2\/instrumenty-dzielenia-ryzyka\/","og_locale":"pl_PL","og_type":"article","og_title":"Instrumenty Dzielenia Ryzyka (RSA) - Doradztwo - Formedis HTA","og_description":"Zaprojektujemy i wdro\u017cymy optymalne instrumenty dzielenia ryzyka (RSA) dla Twoich produkt\u00f3w. Poznaj ofert\u0119 doradztwa strategicznego Formedis w ochronie zdrowia.","og_url":"https:\/\/formedis.pl\/hta\/oferta\/doradztwo-strategiczne-2\/instrumenty-dzielenia-ryzyka\/","og_site_name":"Formedis HTA","article_modified_time":"2026-04-12T12:27:05+00:00","twitter_card":"summary_large_image","twitter_misc":{"Szacowany czas czytania":"1 minuta"},"schema":{"@context":"https:\/\/schema.org","@graph":[{"@type":"WebPage","@id":"https:\/\/formedis.pl\/hta\/oferta\/doradztwo-strategiczne-2\/instrumenty-dzielenia-ryzyka\/","url":"https:\/\/formedis.pl\/hta\/oferta\/doradztwo-strategiczne-2\/instrumenty-dzielenia-ryzyka\/","name":"Instrumenty Dzielenia Ryzyka (RSA) - Doradztwo - Formedis HTA","isPartOf":{"@id":"https:\/\/formedis.pl\/hta\/#website"},"datePublished":"2023-02-02T10:10:17+00:00","dateModified":"2026-04-12T12:27:05+00:00","description":"Zaprojektujemy i wdro\u017cymy optymalne instrumenty dzielenia ryzyka (RSA) dla Twoich produkt\u00f3w. Poznaj ofert\u0119 doradztwa strategicznego Formedis w ochronie zdrowia.","breadcrumb":{"@id":"https:\/\/formedis.pl\/hta\/oferta\/doradztwo-strategiczne-2\/instrumenty-dzielenia-ryzyka\/#breadcrumb"},"inLanguage":"pl-PL","potentialAction":[{"@type":"ReadAction","target":["https:\/\/formedis.pl\/hta\/oferta\/doradztwo-strategiczne-2\/instrumenty-dzielenia-ryzyka\/"]}]},{"@type":"BreadcrumbList","@id":"https:\/\/formedis.pl\/hta\/oferta\/doradztwo-strategiczne-2\/instrumenty-dzielenia-ryzyka\/#breadcrumb","itemListElement":[{"@type":"ListItem","position":1,"name":"Strona g\u0142\u00f3wna","item":"https:\/\/formedis.pl\/hta\/"},{"@type":"ListItem","position":2,"name":"Oferta","item":"https:\/\/formedis.pl\/hta\/oferta\/"},{"@type":"ListItem","position":3,"name":"Doradztwo strategiczne","item":"https:\/\/formedis.pl\/hta\/oferta\/doradztwo-strategiczne-2\/"},{"@type":"ListItem","position":4,"name":"Instrumenty dzielenia ryzyka"}]},{"@type":"WebSite","@id":"https:\/\/formedis.pl\/hta\/#website","url":"https:\/\/formedis.pl\/hta\/","name":"Formedis HTA","description":"","potentialAction":[{"@type":"SearchAction","target":{"@type":"EntryPoint","urlTemplate":"https:\/\/formedis.pl\/hta\/?s={search_term_string}"},"query-input":{"@type":"PropertyValueSpecification","valueRequired":true,"valueName":"search_term_string"}}],"inLanguage":"pl-PL"}]}},"_links":{"self":[{"href":"https:\/\/formedis.pl\/hta\/wp-json\/wp\/v2\/pages\/5424","targetHints":{"allow":["GET"]}}],"collection":[{"href":"https:\/\/formedis.pl\/hta\/wp-json\/wp\/v2\/pages"}],"about":[{"href":"https:\/\/formedis.pl\/hta\/wp-json\/wp\/v2\/types\/page"}],"author":[{"embeddable":true,"href":"https:\/\/formedis.pl\/hta\/wp-json\/wp\/v2\/users\/1"}],"replies":[{"embeddable":true,"href":"https:\/\/formedis.pl\/hta\/wp-json\/wp\/v2\/comments?post=5424"}],"version-history":[{"count":3,"href":"https:\/\/formedis.pl\/hta\/wp-json\/wp\/v2\/pages\/5424\/revisions"}],"predecessor-version":[{"id":5627,"href":"https:\/\/formedis.pl\/hta\/wp-json\/wp\/v2\/pages\/5424\/revisions\/5627"}],"up":[{"embeddable":true,"href":"https:\/\/formedis.pl\/hta\/wp-json\/wp\/v2\/pages\/4688"}],"wp:featuredmedia":[{"embeddable":true,"href":"https:\/\/formedis.pl\/hta\/wp-json\/"}],"wp:attachment":[{"href":"https:\/\/formedis.pl\/hta\/wp-json\/wp\/v2\/media?parent=5424"}],"curies":[{"name":"wp","href":"https:\/\/api.w.org\/{rel}","templated":true}]}}